{"id":71,"date":"2021-01-06T18:03:44","date_gmt":"2021-01-06T17:03:44","guid":{"rendered":"http:\/\/www.atlantis-bildungszentrum.de\/?page_id=71"},"modified":"2021-04-27T00:56:53","modified_gmt":"2021-04-26T22:56:53","slug":"firmenkurse","status":"publish","type":"page","link":"https:\/\/www.atlantis-bildungszentrum.de\/index.php\/firmenkurse\/","title":{"rendered":"Firmenkurse"},"content":{"rendered":"<div class=\"wpb-content-wrapper\"><div  data-delay=\"0\" data-vc-full-width=\"true\" data-vc-full-width-init=\"false\" class=\"vc_row wpb_row vc_row-fluid vc_custom_1608165613015 vc_row-o-equal-height vc_row-o-content-top vc_row-flex\"><div class=\"signature-content wpb_animate_when_almost_visible wpb_fadeInLeft fadeInLeft wpb_column vc_column_container vc_col-sm-12\" data-delay=\"100\"><div class=\"vc_column-inner \"><div class=\"wpb_wrapper\"><div class=\"vc_row wpb_row vc_inner vc_row-fluid\"><div class=\"wpb_column vc_column_container vc_col-sm-12\"><div class=\"vc_column-inner \"><div class=\"wpb_wrapper\"><h2 style=\"font-size: 30px;line-height: 40px;text-align: left\" class=\"vc_custom_heading vcr_heading-right\" >Firmenkurse - Die sprachliche Weiterbildung Ihrer Mitarbeiter in Deutsch als Fremdsprache<\/h2>\n\t<div class=\"wpb_text_column wpb_content_element  vc_custom_1544697880169\" >\n\t\t<div class=\"wpb_wrapper\">\n\t\t\t<div class='dt-sc-small-separator '><\/div>\n\n\t\t<\/div>\n\t<\/div>\n<\/div><\/div><\/div><\/div><div class=\"vc_row wpb_row vc_inner vc_row-fluid\"><div class=\"wpb_column vc_column_container vc_col-sm-8\"><div class=\"vc_column-inner \"><div class=\"wpb_wrapper\">\n\t<div class=\"wpb_text_column wpb_content_element  vc_custom_1619477813756\" >\n\t\t<div class=\"wpb_wrapper\">\n\t\t\t<p>Das Atlantis Bildungszentrum arbeitet eng mit unterschiedlichen nationalen und internationalen Firmen zusammen. F\u00fcr den wirtschaftlichen Erfolg Ihres Unternehmens erarbeiten wir individuelle Firmenkurse bzw. <a href=\"https:\/\/www.atlantis-bildungszentrum.de\/index.php\/deutschkurse\/\">Deutschkurse<\/a>, wobei wir uns ganz nach Ihren Bed\u00fcrfnissen und Bedarfen richten, da jede Firma unterschiedliche Strukturen aufweist. Ihre Mitarbeiter lernen gezielt das, was sie f\u00fcr den beruflichen Alltag ben\u00f6tigen. Wir bieten Ihnen den Deutschkurs zu Ihrer pr\u00e4ferierten Wunschzeit an.<\/p>\n<p>Der Kurs kann sowohl als Pr\u00e4senz- als auch als Webunterricht stattfinden. Mit dem <a href=\"https:\/\/www.atlantis-bildungszentrum.de\/index.php\/schulungskonzept\/\">Online-Sprachkurs<\/a> geben wir Ihren Mitarbeitern die M\u00f6glichkeit, ihre Sprachkenntnisse ortsunabh\u00e4ngig und flexibel zu verbessern. Sie k\u00f6nnen entscheiden, ob Ihre Mitarbeiter den Kurs in Ihrer Firma oder bei uns in den R\u00e4umlichkeiten in Herne, Wuppertal und D\u00fcsseldorf belegen. Unsere Lehrpersonen kommen auch gerne in Ihr Unternehmen. Unsere erfahrenen, qualifizierten, und muttersprachlichen Deutschlehrer helfen Ihren Mitarbeitern ihre Lernziele zu erreichen.<\/p>\n<p>Gerne beraten wir Sie unverbindlich in einem pers\u00f6nlichen Gespr\u00e4ch.<\/p>\n\n\t\t<\/div>\n\t<\/div>\n<\/div><\/div><\/div><div class=\"wpb_column vc_column_container vc_col-sm-4\"><div class=\"vc_column-inner \"><div class=\"wpb_wrapper\">\n\t<div  class=\"wpb_single_image wpb_content_element vc_align_right wpb_content_element\">\n\t\t\n\t\t<figure class=\"wpb_wrapper vc_figure\">\n\t\t\t<div class=\"vc_single_image-wrapper vc_box_outline  vc_box_border_grey\"><img loading=\"lazy\" decoding=\"async\" width=\"1500\" height=\"1000\" src=\"https:\/\/www.atlantis-bildungszentrum.de\/wp-content\/uploads\/2021\/04\/firmenkurse-deutschkurse-weiterbildung-atlantis-bildungszentrum.jpg\" class=\"vc_single_image-img attachment-full\" alt=\"firmenkurse deutschkurse weiterbildung\" title=\"firmenkurse-deutschkurse-weiterbildung-atlantis-bildungszentrum\" srcset=\"https:\/\/www.atlantis-bildungszentrum.de\/wp-content\/uploads\/2021\/04\/firmenkurse-deutschkurse-weiterbildung-atlantis-bildungszentrum.jpg 1500w, https:\/\/www.atlantis-bildungszentrum.de\/wp-content\/uploads\/2021\/04\/firmenkurse-deutschkurse-weiterbildung-atlantis-bildungszentrum-300x200.jpg 300w, https:\/\/www.atlantis-bildungszentrum.de\/wp-content\/uploads\/2021\/04\/firmenkurse-deutschkurse-weiterbildung-atlantis-bildungszentrum-1024x683.jpg 1024w, https:\/\/www.atlantis-bildungszentrum.de\/wp-content\/uploads\/2021\/04\/firmenkurse-deutschkurse-weiterbildung-atlantis-bildungszentrum-768x512.jpg 768w, https:\/\/www.atlantis-bildungszentrum.de\/wp-content\/uploads\/2021\/04\/firmenkurse-deutschkurse-weiterbildung-atlantis-bildungszentrum-750x500.jpg 750w, https:\/\/www.atlantis-bildungszentrum.de\/wp-content\/uploads\/2021\/04\/firmenkurse-deutschkurse-weiterbildung-atlantis-bildungszentrum-570x380.jpg 570w, https:\/\/www.atlantis-bildungszentrum.de\/wp-content\/uploads\/2021\/04\/firmenkurse-deutschkurse-weiterbildung-atlantis-bildungszentrum-600x400.jpg 600w, https:\/\/www.atlantis-bildungszentrum.de\/wp-content\/uploads\/2021\/04\/firmenkurse-deutschkurse-weiterbildung-atlantis-bildungszentrum-540x360.jpg 540w\" sizes=\"auto, (max-width: 1500px) 100vw, 1500px\" \/><\/div>\n\t\t<\/figure>\n\t<\/div>\n\n\t<div class=\"wpb_text_column wpb_content_element  vc_custom_1608229959252\" >\n\t\t<div class=\"wpb_wrapper\">\n\t\t\t<p><em>\u201eZusammenkommen ist ein Beginn, Zusammenbleiben ist ein Fortschritt, Zusammenarbeiten ist ein Erfolg.\u201c \u2013 Henry Ford<\/em><\/p>\n\n\t\t<\/div>\n\t<\/div>\n<\/div><\/div><\/div><\/div><div class=\"vc_empty_space\"   style=\"height: 50px\"><span class=\"vc_empty_space_inner\"><\/span><\/div><\/div><\/div><\/div><\/div><div class=\"vc_row-full-width vc_clearfix\"><\/div><!-- Row Backgrounds --><div class=\"upb_bg_img\" data-ultimate-bg=\"url(http:\/\/creasolution.de\/atlantis2020\/wp-content\/uploads\/2019\/01\/fw10.png)\" data-image-id=\"id^18408|url^http:\/\/creasolution.de\/atlantis2020\/wp-content\/uploads\/2019\/01\/fw10.png|caption^null|alt^img|title^fw10|description^null\" data-ultimate-bg-style=\"vcpb-vz-jquery\" data-bg-img-repeat=\"no-repeat\" data-bg-img-size=\"initial\" data-bg-img-position=\"\" data-parallx_sense=\"30\" data-bg-override=\"0\" data-bg_img_attach=\"scroll\" data-upb-overlay-color=\"\" data-upb-bg-animation=\"\" data-fadeout=\"\" data-bg-animation=\"left-animation\" data-bg-animation-type=\"h\" data-animation-repeat=\"repeat\" data-fadeout-percentage=\"30\" data-parallax-content=\"\" data-parallax-content-sense=\"30\" data-row-effect-mobile-disable=\"true\" data-img-parallax-mobile-disable=\"true\" data-rtl=\"false\"  data-custom-vc-row=\"\"  data-vc=\"7.9\"  data-is_old_vc=\"\"  data-theme-support=\"\"   data-overlay=\"false\" data-overlay-color=\"\" data-overlay-pattern=\"\" data-overlay-pattern-opacity=\"\" data-overlay-pattern-size=\"\"    ><\/div>\n<\/div>","protected":false},"excerpt":{"rendered":"Firmenkurse - Die sprachliche Weiterbildung Ihrer Mitarbeiter in Deutsch als Fremdsprache Das Atlantis Bildungszentrum arbeitet eng mit unterschiedlichen nationalen und internationalen Firmen zusammen. F\u00fcr den wirtschaftlichen Erfolg Ihres Unternehmens erarbeiten wir individuelle Firmenkurse bzw. Deutschkurse, wobei wir uns ganz nach Ihren Bed\u00fcrfnissen und Bedarfen richten, da jede Firma unterschiedliche Strukturen aufweist. Ihre Mitarbeiter lernen gezielt [...]","protected":false},"author":9,"featured_media":0,"parent":0,"menu_order":0,"comment_status":"closed","ping_status":"closed","template":"","meta":{"footnotes":""},"class_list":["post-71","page","type-page","status-publish","hentry"],"_links":{"self":[{"href":"https:\/\/www.atlantis-bildungszentrum.de\/index.php\/wp-json\/wp\/v2\/pages\/71","targetHints":{"allow":["GET"]}}],"collection":[{"href":"https:\/\/www.atlantis-bildungszentrum.de\/index.php\/wp-json\/wp\/v2\/pages"}],"about":[{"href":"https:\/\/www.atlantis-bildungszentrum.de\/index.php\/wp-json\/wp\/v2\/types\/page"}],"author":[{"embeddable":true,"href":"https:\/\/www.atlantis-bildungszentrum.de\/index.php\/wp-json\/wp\/v2\/users\/9"}],"replies":[{"embeddable":true,"href":"https:\/\/www.atlantis-bildungszentrum.de\/index.php\/wp-json\/wp\/v2\/comments?post=71"}],"version-history":[{"count":0,"href":"https:\/\/www.atlantis-bildungszentrum.de\/index.php\/wp-json\/wp\/v2\/pages\/71\/revisions"}],"wp:attachment":[{"href":"https:\/\/www.atlantis-bildungszentrum.de\/index.php\/wp-json\/wp\/v2\/media?parent=71"}],"curies":[{"name":"wp","href":"https:\/\/api.w.org\/{rel}","templated":true}]}}