{"id":77,"date":"2021-01-06T18:08:22","date_gmt":"2021-01-06T17:08:22","guid":{"rendered":"http:\/\/www.atlantis-bildungszentrum.de\/?page_id=77"},"modified":"2021-01-06T18:08:35","modified_gmt":"2021-01-06T17:08:35","slug":"impressum","status":"publish","type":"page","link":"https:\/\/www.atlantis-bildungszentrum.de\/index.php\/impressum\/","title":{"rendered":"Impressum"},"content":{"rendered":"<div class=\"wpb-content-wrapper\"><div  data-delay=\"200\" data-vc-full-width=\"true\" data-vc-full-width-init=\"false\" class=\"vc_row wpb_row vc_row-fluid wpb_animate_when_almost_visible wpb_fadeInUp fadeInUp vc_custom_1609871797946 vc_row-o-equal-height vc_row-o-content-top vc_row-flex\"><div class=\"signature-content wpb_animate_when_almost_visible wpb_fadeInUp fadeInUp wpb_column vc_column_container vc_col-sm-4\" data-delay=\"100\"><div class=\"vc_column-inner \"><div class=\"wpb_wrapper\"><h2 style=\"font-size: 30px;line-height: 40px;text-align: left\" class=\"vc_custom_heading vcr_heading-right\" >Impressum<\/h2><h4 style=\"font-size: 20px;line-height: 25px;text-align: left\" class=\"vc_custom_heading vcr_heading-right\" >Angaben gem\u00e4\u00df \u00a7 5 TMG<\/h4>\n\t<div class=\"wpb_text_column wpb_content_element  vc_custom_1544697880169\" >\n\t\t<div class=\"wpb_wrapper\">\n\t\t\t<div class='dt-sc-small-separator '><\/div>\n\n\t\t<\/div>\n\t<\/div>\n\n\t<div class=\"wpb_text_column wpb_content_element  vc_custom_1609871551569\" >\n\t\t<div class=\"wpb_wrapper\">\n\t\t\t<p>Nermin Cetin<br \/>\nGesch\u00e4ftsinhaberin<br \/>\nBahnhofstr. 23<br \/>\n44623 Herne<\/p>\n<h3>Kontakt<\/h3>\n<p>Telefon:<br \/>\n<a href=\"tel:023239597031\">02323 9597031<\/a><br \/>\nTelefax:<br \/>\n02323 9597032<br \/>\nE-Mail:<br \/>\n<a href=\"mailto:info@atlantis-bildungszentrum.de\">info@atlantis-bildungszentrum.de<\/a><\/p>\n\n\t\t<\/div>\n\t<\/div>\n<\/div><\/div><\/div><div class=\"wpb_animate_when_almost_visible wpb_fadeInUp fadeInUp wpb_column vc_column_container vc_col-sm-4\" data-delay=\"150\"><div class=\"vc_column-inner \"><div class=\"wpb_wrapper\">\n\t<div class=\"wpb_text_column wpb_content_element  vc_custom_1609871618158\" >\n\t\t<div class=\"wpb_wrapper\">\n\t\t\t<h2>Haftungsausschluss<\/h2>\n<p><strong>Disclaimer<\/strong><\/p>\n<p><strong>Haftung f\u00fcr Inhalte<\/strong><\/p>\n<p>Als Diensteanbieter sind wir gem\u00e4\u00df \u00a7 7 Abs.1 TMG f\u00fcr eigene Inhalte auf diesen Seiten nach den allgemeinen Gesetzen verantwortlich. Nach \u00a7\u00a7 8 bis 10 TMG sind wir als Diensteanbieter jedoch nicht verpflichtet, \u00fcbermittelte oder gespeicherte fremde Informationen zu \u00fcberwachen oder nach Umst\u00e4nden zu forschen, die auf eine rechtswidrige T\u00e4tigkeit hinweisen. Verpflichtungen zur Entfernung oder Sperrung der Nutzung von Informationen nach den allgemeinen Gesetzen bleiben hiervon unber\u00fchrt. Eine diesbez\u00fcgliche Haftung ist jedoch erst ab dem Zeitpunkt der Kenntnis einer konkreten Rechtsverletzung m\u00f6glich. Bei Bekanntwerden von entsprechenden Rechtsverletzungen werden wir diese Inhalte umgehend entfernen.<\/p>\n<p><strong>Haftung f\u00fcr Links<\/strong><\/p>\n<p>Unser Angebot enth\u00e4lt Links zu externen Webseiten Dritter, auf deren Inhalte wir keinen Einfluss haben. Deshalb k\u00f6nnen wir f\u00fcr diese fremden Inhalte auch keine Gew\u00e4hr \u00fcbernehmen. F\u00fcr die Inhalte der verlinkten Seiten ist stets der jeweilige Anbieter oder Betreiber der Seiten verantwortlich.<\/p>\n\n\t\t<\/div>\n\t<\/div>\n<\/div><\/div><\/div><div class=\"wpb_column vc_column_container vc_col-sm-4\" data-delay=\"0\"><div class=\"vc_column-inner \"><div class=\"wpb_wrapper\">\n\t<div class=\"wpb_text_column wpb_content_element  vc_custom_1609871634509\" >\n\t\t<div class=\"wpb_wrapper\">\n\t\t\t<p>Die verlinkten Seiten wurden zum Zeitpunkt der Verlinkung auf m\u00f6gliche Rechtsverst\u00f6\u00dfe \u00fcberpr\u00fcft. Rechtswidrige Inhalte waren zum Zeitpunkt der Verlinkung nicht erkennbar. Eine permanente inhaltliche Kontrolle der verlinkten Seiten ist jedoch ohne konkrete Anhaltspunkte einer Rechtsverletzung nicht zumutbar. Bei Bekanntwerden von Rechtsverletzungen werden wir derartige Links umgehend entfernen.<\/p>\n<p><strong>Urheberrecht<\/strong><\/p>\n<p>Die durch die Seitenbetreiber erstellten Inhalte und Werke auf diesen Seiten unterliegen dem deutschen Urheberrecht. Die Vervielf\u00e4ltigung, Bearbeitung, Verbreitung und jede Art der Verwertung au\u00dferhalb der Grenzen des Urheberrechtes bed\u00fcrfen der schriftlichen Zustimmung des jeweiligen Autors bzw. Erstellers. Downloads und Kopien dieser Seite sind nur f\u00fcr den privaten, nicht kommerziellen Gebrauch gestattet. Soweit die Inhalte auf dieser Seite nicht vom Betreiber erstellt wurden, werden die Urheberrechte Dritter beachtet. Insbesondere werden Inhalte Dritter als solche gekennzeichnet. Sollten Sie trotzdem auf eine Urheberrechtsverletzung aufmerksam werden, bitten wir um einen entsprechenden Hinweis. Bei Bekanntwerden von Rechtsverletzungen werden wir derartige Inhalte umgehend entfernen.<\/p>\n\n\t\t<\/div>\n\t<\/div>\n<\/div><\/div><\/div><\/div><div class=\"vc_row-full-width vc_clearfix\"><\/div><!-- Row Backgrounds --><div class=\"upb_bg_img\" data-ultimate-bg=\"url(http:\/\/creasolution.de\/atlantis2020\/wp-content\/uploads\/2019\/01\/fw10.png)\" data-image-id=\"id^18408|url^http:\/\/creasolution.de\/atlantis2020\/wp-content\/uploads\/2019\/01\/fw10.png|caption^null|alt^img|title^fw10|description^null\" data-ultimate-bg-style=\"vcpb-vz-jquery\" data-bg-img-repeat=\"no-repeat\" data-bg-img-size=\"initial\" data-bg-img-position=\"\" data-parallx_sense=\"30\" data-bg-override=\"0\" data-bg_img_attach=\"scroll\" data-upb-overlay-color=\"\" data-upb-bg-animation=\"\" data-fadeout=\"\" data-bg-animation=\"left-animation\" data-bg-animation-type=\"h\" data-animation-repeat=\"repeat\" data-fadeout-percentage=\"30\" data-parallax-content=\"\" data-parallax-content-sense=\"30\" data-row-effect-mobile-disable=\"true\" data-img-parallax-mobile-disable=\"true\" data-rtl=\"false\"  data-custom-vc-row=\"\"  data-vc=\"7.9\"  data-is_old_vc=\"\"  data-theme-support=\"\"   data-overlay=\"false\" data-overlay-color=\"\" data-overlay-pattern=\"\" data-overlay-pattern-opacity=\"\" data-overlay-pattern-size=\"\"    ><\/div>\n<\/div>","protected":false},"excerpt":{"rendered":"ImpressumAngaben gem\u00e4\u00df \u00a7 5 TMG Nermin Cetin Gesch\u00e4ftsinhaberin Bahnhofstr. 23 44623 Herne Kontakt Telefon: 02323 9597031 Telefax: 02323 9597032 E-Mail: info@atlantis-bildungszentrum.de Haftungsausschluss Disclaimer Haftung f\u00fcr Inhalte Als Diensteanbieter sind wir gem\u00e4\u00df \u00a7 7 Abs.1 TMG f\u00fcr eigene Inhalte auf diesen Seiten nach den allgemeinen Gesetzen verantwortlich. Nach \u00a7\u00a7 8 bis 10 TMG sind wir als [...]","protected":false},"author":9,"featured_media":0,"parent":0,"menu_order":0,"comment_status":"closed","ping_status":"closed","template":"","meta":{"footnotes":""},"class_list":["post-77","page","type-page","status-publish","hentry"],"_links":{"self":[{"href":"https:\/\/www.atlantis-bildungszentrum.de\/index.php\/wp-json\/wp\/v2\/pages\/77","targetHints":{"allow":["GET"]}}],"collection":[{"href":"https:\/\/www.atlantis-bildungszentrum.de\/index.php\/wp-json\/wp\/v2\/pages"}],"about":[{"href":"https:\/\/www.atlantis-bildungszentrum.de\/index.php\/wp-json\/wp\/v2\/types\/page"}],"author":[{"embeddable":true,"href":"https:\/\/www.atlantis-bildungszentrum.de\/index.php\/wp-json\/wp\/v2\/users\/9"}],"replies":[{"embeddable":true,"href":"https:\/\/www.atlantis-bildungszentrum.de\/index.php\/wp-json\/wp\/v2\/comments?post=77"}],"version-history":[{"count":0,"href":"https:\/\/www.atlantis-bildungszentrum.de\/index.php\/wp-json\/wp\/v2\/pages\/77\/revisions"}],"wp:attachment":[{"href":"https:\/\/www.atlantis-bildungszentrum.de\/index.php\/wp-json\/wp\/v2\/media?parent=77"}],"curies":[{"name":"wp","href":"https:\/\/api.w.org\/{rel}","templated":true}]}}

<div class="wpb-content-wrapper"><div  data-delay="200" data-vc-full-width="true" data-vc-full-width-init="false" class="vc_row wpb_row vc_row-fluid wpb_animate_when_almost_visible wpb_fadeInUp fadeInUp vc_custom_1609871797946 vc_row-o-equal-height vc_row-o-content-top vc_row-flex"><div class="signature-content wpb_animate_when_almost_visible wpb_fadeInUp fadeInUp wpb_column vc_column_container vc_col-sm-4" data-delay="100"><div class="vc_column-inner "><div class="wpb_wrapper"><h2 style="font-size: 30px;line-height: 40px;text-align: left" class="vc_custom_heading vcr_heading-right" >Impressum</h2><h4 style="font-size: 20px;line-height: 25px;text-align: left" class="vc_custom_heading vcr_heading-right" >Angaben gemäß § 5 TMG</h4>
	<div class="wpb_text_column wpb_content_element  vc_custom_1544697880169" >
		<div class="wpb_wrapper">
			<div class='dt-sc-small-separator '></div>

		</div>
	</div>

	<div class="wpb_text_column wpb_content_element  vc_custom_1609871551569" >
		<div class="wpb_wrapper">
			<p>Nermin Cetin<br />
Geschäftsinhaberin<br />
Bahnhofstr. 23<br />
44623 Herne</p>
<h3>Kontakt</h3>
<p>Telefon:<br />
<a href="tel:023239597031">02323 9597031</a><br />
Telefax:<br />
02323 9597032<br />
E-Mail:<br />
<a href="mailto:info@atlantis-bildungszentrum.de">info@atlantis-bildungszentrum.de</a></p>

		</div>
	</div>
</div></div></div><div class="wpb_animate_when_almost_visible wpb_fadeInUp fadeInUp wpb_column vc_column_container vc_col-sm-4" data-delay="150"><div class="vc_column-inner "><div class="wpb_wrapper">
	<div class="wpb_text_column wpb_content_element  vc_custom_1609871618158" >
		<div class="wpb_wrapper">
			<h2>Haftungsausschluss</h2>
<p><strong>Disclaimer</strong></p>
<p><strong>Haftung für Inhalte</strong></p>
<p>Als Diensteanbieter sind wir gemäß § 7 Abs.1 TMG für eigene Inhalte auf diesen Seiten nach den allgemeinen Gesetzen verantwortlich. Nach §§ 8 bis 10 TMG sind wir als Diensteanbieter jedoch nicht verpflichtet, übermittelte oder gespeicherte fremde Informationen zu überwachen oder nach Umständen zu forschen, die auf eine rechtswidrige Tätigkeit hinweisen. Verpflichtungen zur Entfernung oder Sperrung der Nutzung von Informationen nach den allgemeinen Gesetzen bleiben hiervon unberührt. Eine diesbezügliche Haftung ist jedoch erst ab dem Zeitpunkt der Kenntnis einer konkreten Rechtsverletzung möglich. Bei Bekanntwerden von entsprechenden Rechtsverletzungen werden wir diese Inhalte umgehend entfernen.</p>
<p><strong>Haftung für Links</strong></p>
<p>Unser Angebot enthält Links zu externen Webseiten Dritter, auf deren Inhalte wir keinen Einfluss haben. Deshalb können wir für diese fremden Inhalte auch keine Gewähr übernehmen. Für die Inhalte der verlinkten Seiten ist stets der jeweilige Anbieter oder Betreiber der Seiten verantwortlich.</p>

		</div>
	</div>
</div></div></div><div class="wpb_column vc_column_container vc_col-sm-4" data-delay="0"><div class="vc_column-inner "><div class="wpb_wrapper">
	<div class="wpb_text_column wpb_content_element  vc_custom_1609871634509" >
		<div class="wpb_wrapper">
			<p>Die verlinkten Seiten wurden zum Zeitpunkt der Verlinkung auf mögliche Rechtsverstöße überprüft. Rechtswidrige Inhalte waren zum Zeitpunkt der Verlinkung nicht erkennbar. Eine permanente inhaltliche Kontrolle der verlinkten Seiten ist jedoch ohne konkrete Anhaltspunkte einer Rechtsverletzung nicht zumutbar. Bei Bekanntwerden von Rechtsverletzungen werden wir derartige Links umgehend entfernen.</p>
<p><strong>Urheberrecht</strong></p>
<p>Die durch die Seitenbetreiber erstellten Inhalte und Werke auf diesen Seiten unterliegen dem deutschen Urheberrecht. Die Vervielfältigung, Bearbeitung, Verbreitung und jede Art der Verwertung außerhalb der Grenzen des Urheberrechtes bedürfen der schriftlichen Zustimmung des jeweiligen Autors bzw. Erstellers. Downloads und Kopien dieser Seite sind nur für den privaten, nicht kommerziellen Gebrauch gestattet. Soweit die Inhalte auf dieser Seite nicht vom Betreiber erstellt wurden, werden die Urheberrechte Dritter beachtet. Insbesondere werden Inhalte Dritter als solche gekennzeichnet. Sollten Sie trotzdem auf eine Urheberrechtsverletzung aufmerksam werden, bitten wir um einen entsprechenden Hinweis. Bei Bekanntwerden von Rechtsverletzungen werden wir derartige Inhalte umgehend entfernen.</p>

		</div>
	</div>
</div></div></div></div><div class="vc_row-full-width vc_clearfix"></div><!-- Row Backgrounds --><div class="upb_bg_img" data-ultimate-bg="url(http://creasolution.de/atlantis2020/wp-content/uploads/2019/01/fw10.png)" data-image-id="id^18408|url^http://creasolution.de/atlantis2020/wp-content/uploads/2019/01/fw10.png|caption^null|alt^img|title^fw10|description^null" data-ultimate-bg-style="vcpb-vz-jquery" data-bg-img-repeat="no-repeat" data-bg-img-size="initial" data-bg-img-position="" data-parallx_sense="30" data-bg-override="0" data-bg_img_attach="scroll" data-upb-overlay-color="" data-upb-bg-animation="" data-fadeout="" data-bg-animation="left-animation" data-bg-animation-type="h" data-animation-repeat="repeat" data-fadeout-percentage="30" data-parallax-content="" data-parallax-content-sense="30" data-row-effect-mobile-disable="true" data-img-parallax-mobile-disable="true" data-rtl="false"  data-custom-vc-row=""  data-vc="7.9"  data-is_old_vc=""  data-theme-support=""   data-overlay="false" data-overlay-color="" data-overlay-pattern="" data-overlay-pattern-opacity="" data-overlay-pattern-size=""    ></div>
</div>

ImpressumAngaben gemäß § 5 TMG Nermin Cetin Geschäftsinhaberin Bahnhofstr. 23 44623 Herne Kontakt Telefon: 02323 9597031 Telefax: 02323 9597032 E-Mail: info@atlantis-bildungszentrum.de Haftungsausschluss Disclaimer Haftung für Inhalte Als Diensteanbieter sind wir gemäß § 7 Abs.1 TMG für eigene Inhalte auf diesen Seiten nach den allgemeinen Gesetzen verantwortlich. Nach §§ 8 bis 10 TMG sind wir als [...]
