{"id":80,"date":"2021-01-06T18:09:01","date_gmt":"2021-01-06T17:09:01","guid":{"rendered":"http:\/\/www.atlantis-bildungszentrum.de\/?page_id=80"},"modified":"2021-01-06T19:49:43","modified_gmt":"2021-01-06T18:49:43","slug":"jobcoach","status":"publish","type":"page","link":"https:\/\/www.atlantis-bildungszentrum.de\/index.php\/jobcoach\/","title":{"rendered":"Jobcoach"},"content":{"rendered":"<div class=\"wpb-content-wrapper\"><div  data-delay=\"0\" data-vc-full-width=\"true\" data-vc-full-width-init=\"false\" class=\"vc_row wpb_row vc_row-fluid vc_custom_1608165613015 vc_row-o-equal-height vc_row-o-content-top vc_row-flex\"><div class=\"signature-content wpb_animate_when_almost_visible wpb_fadeInLeft fadeInLeft wpb_column vc_column_container vc_col-sm-12\" data-delay=\"100\"><div class=\"vc_column-inner \"><div class=\"wpb_wrapper\"><div class=\"vc_row wpb_row vc_inner vc_row-fluid\"><div class=\"wpb_column vc_column_container vc_col-sm-12\"><div class=\"vc_column-inner \"><div class=\"wpb_wrapper\"><h2 style=\"font-size: 30px;line-height: 40px;text-align: left\" class=\"vc_custom_heading vcr_heading-right\" >Coaching \/ Begleitung w\u00e4hrend einer Besch\u00e4ftigung<\/h2>\n\t<div class=\"wpb_text_column wpb_content_element  vc_custom_1544697880169\" >\n\t\t<div class=\"wpb_wrapper\">\n\t\t\t<div class='dt-sc-small-separator '><\/div>\n\n\t\t<\/div>\n\t<\/div>\n<\/div><\/div><\/div><\/div><div class=\"vc_row wpb_row vc_inner vc_row-fluid\"><div class=\"wpb_column vc_column_container vc_col-sm-6\"><div class=\"vc_column-inner \"><div class=\"wpb_wrapper\">\n\t<div class=\"wpb_text_column wpb_content_element  vc_custom_1608231653801\" >\n\t\t<div class=\"wpb_wrapper\">\n\t\t\t<p>Haben Sie eine neue Arbeit aufgenommen, ben\u00f6tigen jedoch noch sprachliche und kommunikative Unterst\u00fctzung, dann kann Ihnen ein Jobcoach in Ihrem Arbeitsleben unterst\u00fctzen.<\/p>\n<p>Denn Coaching und Begleitung nach der Arbeitsaufnahme, gerade auch im Bereich der Sprache und der Kommunikation sind ein ganz wichtiger Teil zur effektiven Integration im Arbeitsleben. Die Kommunikation entscheidet mit, ob und wie schnell Sie sich in den Arbeitsplatz anpassen k\u00f6nnen. Unsere Jobcoaches sind qualifizierte Sprachlehrer und verf\u00fcgen \u00fcber jahrelange Berufserfahrung.<\/p>\n\n\t\t<\/div>\n\t<\/div>\n\n\t<div  class=\"wpb_single_image wpb_content_element vc_align_left wpb_content_element\">\n\t\t\n\t\t<figure class=\"wpb_wrapper vc_figure\">\n\t\t\t<div class=\"vc_single_image-wrapper vc_box_outline  vc_box_border_grey\"><img loading=\"lazy\" decoding=\"async\" width=\"1600\" height=\"1067\" src=\"https:\/\/www.atlantis-bildungszentrum.de\/wp-content\/uploads\/2021\/01\/atlantis-bildungszentrum-18.jpg\" class=\"vc_single_image-img attachment-full\" alt=\"\" title=\"Student And Tutor Discuss Project On Interactive Whiteboard\" srcset=\"https:\/\/www.atlantis-bildungszentrum.de\/wp-content\/uploads\/2021\/01\/atlantis-bildungszentrum-18.jpg 1600w, https:\/\/www.atlantis-bildungszentrum.de\/wp-content\/uploads\/2021\/01\/atlantis-bildungszentrum-18-300x200.jpg 300w, https:\/\/www.atlantis-bildungszentrum.de\/wp-content\/uploads\/2021\/01\/atlantis-bildungszentrum-18-1024x683.jpg 1024w, https:\/\/www.atlantis-bildungszentrum.de\/wp-content\/uploads\/2021\/01\/atlantis-bildungszentrum-18-768x512.jpg 768w, https:\/\/www.atlantis-bildungszentrum.de\/wp-content\/uploads\/2021\/01\/atlantis-bildungszentrum-18-1536x1024.jpg 1536w, https:\/\/www.atlantis-bildungszentrum.de\/wp-content\/uploads\/2021\/01\/atlantis-bildungszentrum-18-960x640.jpg 960w, https:\/\/www.atlantis-bildungszentrum.de\/wp-content\/uploads\/2021\/01\/atlantis-bildungszentrum-18-750x500.jpg 750w, https:\/\/www.atlantis-bildungszentrum.de\/wp-content\/uploads\/2021\/01\/atlantis-bildungszentrum-18-570x380.jpg 570w, https:\/\/www.atlantis-bildungszentrum.de\/wp-content\/uploads\/2021\/01\/atlantis-bildungszentrum-18-600x400.jpg 600w, https:\/\/www.atlantis-bildungszentrum.de\/wp-content\/uploads\/2021\/01\/atlantis-bildungszentrum-18-540x360.jpg 540w\" sizes=\"auto, (max-width: 1600px) 100vw, 1600px\" \/><\/div>\n\t\t<\/figure>\n\t<\/div>\n<\/div><\/div><\/div><div class=\"wpb_column vc_column_container vc_col-sm-6\"><div class=\"vc_column-inner \"><div class=\"wpb_wrapper\">\n\t<div class=\"wpb_text_column wpb_content_element  vc_custom_1608231662345\" >\n\t\t<div class=\"wpb_wrapper\">\n\t\t\t<p>Gemeinsam mit ihm k\u00f6nnen Sie folgende Herausforderungen meistern:<\/p>\n\n\t\t<\/div>\n\t<\/div>\n<ol class='dt-sc-fancy-list  blue   lower-alpha' data-delay='0'>\n<li><span>St\u00e4rkeanalyse<\/span><\/li>\n<li><span>Entwicklungspotenziale erkennen<\/span><\/li>\n<li><span>Integrationsstrategien\/ -ziele setzen<\/span><\/li>\n<li><span>Reflexion der eigenen Person<\/span><\/li>\n<li><span>Coaching und Begleitung nach der Arbeitsaufnahme<\/span><\/li>\n<li><span>Integration ins Arbeitsleben<\/span><\/li>\n<li><span>Sprachtraining<\/span><\/li>\n<li><span>Kommunikation: Fachsprache sowie Kommunikation \u00fcber allt\u00e4gliche Belange<\/span><\/li>\n<li><span>Krisenpr\u00e4vention<\/span><\/li>\n<li><span>Vermittlung bei Krisen<\/span><\/li>\n<\/ol><\/div><\/div><\/div><\/div><div class=\"vc_empty_space\"   style=\"height: 50px\"><span class=\"vc_empty_space_inner\"><\/span><\/div><div class=\"vc_row wpb_row vc_inner vc_row-fluid\"><div class=\"wpb_column vc_column_container vc_col-sm-6\"><div class=\"vc_column-inner \"><div class=\"wpb_wrapper\"><h3 style=\"font-size: 20px;line-height: 40px;text-align: left\" class=\"vc_custom_heading vcr_heading-right\" >Umfang der Ma\u00dfnahme<\/h3>\n\t<div class=\"wpb_text_column wpb_content_element  vc_custom_1544697880169\" >\n\t\t<div class=\"wpb_wrapper\">\n\t\t\t<div class='dt-sc-small-separator '><\/div>\n\n\t\t<\/div>\n\t<\/div>\n\n\t<div class=\"wpb_text_column wpb_content_element  vc_custom_1608231897741\" >\n\t\t<div class=\"wpb_wrapper\">\n\t\t\t<p>Das Coaching umfasst insgesamt 50 Unterrichtseinheiten (je 45 Minuten). Die Termine werden pers\u00f6nlich zwischen Ihnen und Ihrem Coach abgestimmt und begleitet. <\/p>\n\n\t\t<\/div>\n\t<\/div>\n<h3 style=\"font-size: 20px;line-height: 40px;text-align: left\" class=\"vc_custom_heading vcr_heading-right\" >Methden<\/h3>\n\t<div class=\"wpb_text_column wpb_content_element  vc_custom_1544697880169\" >\n\t\t<div class=\"wpb_wrapper\">\n\t\t\t<div class='dt-sc-small-separator '><\/div>\n\n\t\t<\/div>\n\t<\/div>\n\n\t<div class=\"wpb_text_column wpb_content_element  vc_custom_1608232482144\" >\n\t\t<div class=\"wpb_wrapper\">\n\t\t\t<p>Der Jobcoach setzt erfolgreich folgende Methoden ein, um die Integration gezielt zu f\u00f6rdern<\/p>\n<ul>\n<li>Einzel- und Gruppengespr\u00e4che<\/li>\n<li>Simulations\u00fcbungen<\/li>\n<li>Rollenspiele<\/li>\n<\/ul>\n\n\t\t<\/div>\n\t<\/div>\n<\/div><\/div><\/div><div class=\"wpb_column vc_column_container vc_col-sm-6\"><div class=\"vc_column-inner \"><div class=\"wpb_wrapper\"><h3 style=\"font-size: 20px;line-height: 40px;text-align: left\" class=\"vc_custom_heading vcr_heading-right\" >Lehrgangsabschluss<\/h3>\n\t<div class=\"wpb_text_column wpb_content_element  vc_custom_1544697880169\" >\n\t\t<div class=\"wpb_wrapper\">\n\t\t\t<div class='dt-sc-small-separator '><\/div>\n\n\t\t<\/div>\n\t<\/div>\n\n\t<div class=\"wpb_text_column wpb_content_element  vc_custom_1608232507776\" >\n\t\t<div class=\"wpb_wrapper\">\n\t\t\t<p>Nach Beendigung des Lehrgangs erh\u00e4lt der Teilnehmer eine tr\u00e4gereigene Teilnahmebescheinigung.<\/p>\n\n\t\t<\/div>\n\t<\/div>\n<h3 style=\"font-size: 20px;line-height: 40px;text-align: left\" class=\"vc_custom_heading vcr_heading-right\" >F\u00f6rderung<\/h3>\n\t<div class=\"wpb_text_column wpb_content_element  vc_custom_1544697880169\" >\n\t\t<div class=\"wpb_wrapper\">\n\t\t\t<div class='dt-sc-small-separator '><\/div>\n\n\t\t<\/div>\n\t<\/div>\n\n\t<div class=\"wpb_text_column wpb_content_element  vc_custom_1608232549120\" >\n\t\t<div class=\"wpb_wrapper\">\n\t\t\t<p>Eine F\u00f6rderung durch die Arbeitsagentur f\u00fcr Arbeit, die kommunalen Arbeitsagenturen oder vom Jobcenter ist nach SGB III m\u00f6glich. Bitte informieren Sie sich dazu bei Ihrem Berater oder bei uns.<\/p>\n\n\t\t<\/div>\n\t<\/div>\n<\/div><\/div><\/div><\/div><div class=\"vc_row wpb_row vc_inner vc_row-fluid\"><div class=\"wpb_column vc_column_container vc_col-sm-12\"><div class=\"vc_column-inner \"><div class=\"wpb_wrapper\">\n\t<div class=\"wpb_text_column wpb_content_element  vc_custom_1608232584086\" >\n\t\t<div class=\"wpb_wrapper\">\n\t\t\t<p>F\u00fcr ein Beratungsgespr\u00e4ch sprechen Sie uns gerne an.<\/p>\n\n\t\t<\/div>\n\t<\/div>\n<\/div><\/div><\/div><\/div><\/div><\/div><\/div><\/div><div class=\"vc_row-full-width vc_clearfix\"><\/div><!-- Row Backgrounds --><div class=\"upb_bg_img\" data-ultimate-bg=\"url(http:\/\/creasolution.de\/atlantis2020\/wp-content\/uploads\/2019\/01\/fw10.png)\" data-image-id=\"id^18408|url^http:\/\/creasolution.de\/atlantis2020\/wp-content\/uploads\/2019\/01\/fw10.png|caption^null|alt^img|title^fw10|description^null\" data-ultimate-bg-style=\"vcpb-vz-jquery\" data-bg-img-repeat=\"no-repeat\" data-bg-img-size=\"initial\" data-bg-img-position=\"\" data-parallx_sense=\"30\" data-bg-override=\"0\" data-bg_img_attach=\"scroll\" data-upb-overlay-color=\"\" data-upb-bg-animation=\"\" data-fadeout=\"\" data-bg-animation=\"left-animation\" data-bg-animation-type=\"h\" data-animation-repeat=\"repeat\" data-fadeout-percentage=\"30\" data-parallax-content=\"\" data-parallax-content-sense=\"30\" data-row-effect-mobile-disable=\"true\" data-img-parallax-mobile-disable=\"true\" data-rtl=\"false\"  data-custom-vc-row=\"\"  data-vc=\"7.9\"  data-is_old_vc=\"\"  data-theme-support=\"\"   data-overlay=\"false\" data-overlay-color=\"\" data-overlay-pattern=\"\" data-overlay-pattern-opacity=\"\" data-overlay-pattern-size=\"\"    ><\/div>\n<\/div>","protected":false},"excerpt":{"rendered":"Coaching \/ Begleitung w\u00e4hrend einer Besch\u00e4ftigung Haben Sie eine neue Arbeit aufgenommen, ben\u00f6tigen jedoch noch sprachliche und kommunikative Unterst\u00fctzung, dann kann Ihnen ein Jobcoach in Ihrem Arbeitsleben unterst\u00fctzen. Denn Coaching und Begleitung nach der Arbeitsaufnahme, gerade auch im Bereich der Sprache und der Kommunikation sind ein ganz wichtiger Teil zur effektiven Integration im Arbeitsleben. Die [...]","protected":false},"author":9,"featured_media":0,"parent":0,"menu_order":0,"comment_status":"closed","ping_status":"closed","template":"","meta":{"footnotes":""},"class_list":["post-80","page","type-page","status-publish","hentry"],"_links":{"self":[{"href":"https:\/\/www.atlantis-bildungszentrum.de\/index.php\/wp-json\/wp\/v2\/pages\/80","targetHints":{"allow":["GET"]}}],"collection":[{"href":"https:\/\/www.atlantis-bildungszentrum.de\/index.php\/wp-json\/wp\/v2\/pages"}],"about":[{"href":"https:\/\/www.atlantis-bildungszentrum.de\/index.php\/wp-json\/wp\/v2\/types\/page"}],"author":[{"embeddable":true,"href":"https:\/\/www.atlantis-bildungszentrum.de\/index.php\/wp-json\/wp\/v2\/users\/9"}],"replies":[{"embeddable":true,"href":"https:\/\/www.atlantis-bildungszentrum.de\/index.php\/wp-json\/wp\/v2\/comments?post=80"}],"version-history":[{"count":0,"href":"https:\/\/www.atlantis-bildungszentrum.de\/index.php\/wp-json\/wp\/v2\/pages\/80\/revisions"}],"wp:attachment":[{"href":"https:\/\/www.atlantis-bildungszentrum.de\/index.php\/wp-json\/wp\/v2\/media?parent=80"}],"curies":[{"name":"wp","href":"https:\/\/api.w.org\/{rel}","templated":true}]}}

<div class="wpb-content-wrapper"><div  data-delay="0" data-vc-full-width="true" data-vc-full-width-init="false" class="vc_row wpb_row vc_row-fluid vc_custom_1608165613015 vc_row-o-equal-height vc_row-o-content-top vc_row-flex"><div class="signature-content wpb_animate_when_almost_visible wpb_fadeInLeft fadeInLeft wpb_column vc_column_container vc_col-sm-12" data-delay="100"><div class="vc_column-inner "><div class="wpb_wrapper"><div class="vc_row wpb_row vc_inner vc_row-fluid"><div class="wpb_column vc_column_container vc_col-sm-12"><div class="vc_column-inner "><div class="wpb_wrapper"><h2 style="font-size: 30px;line-height: 40px;text-align: left" class="vc_custom_heading vcr_heading-right" >Coaching / Begleitung während einer Beschäftigung</h2>
	<div class="wpb_text_column wpb_content_element  vc_custom_1544697880169" >
		<div class="wpb_wrapper">
			<div class='dt-sc-small-separator '></div>

		</div>
	</div>
</div></div></div></div><div class="vc_row wpb_row vc_inner vc_row-fluid"><div class="wpb_column vc_column_container vc_col-sm-6"><div class="vc_column-inner "><div class="wpb_wrapper">
	<div class="wpb_text_column wpb_content_element  vc_custom_1608231653801" >
		<div class="wpb_wrapper">
			<p>Haben Sie eine neue Arbeit aufgenommen, benötigen jedoch noch sprachliche und kommunikative Unterstützung, dann kann Ihnen ein Jobcoach in Ihrem Arbeitsleben unterstützen.</p>
<p>Denn Coaching und Begleitung nach der Arbeitsaufnahme, gerade auch im Bereich der Sprache und der Kommunikation sind ein ganz wichtiger Teil zur effektiven Integration im Arbeitsleben. Die Kommunikation entscheidet mit, ob und wie schnell Sie sich in den Arbeitsplatz anpassen können. Unsere Jobcoaches sind qualifizierte Sprachlehrer und verfügen über jahrelange Berufserfahrung.</p>

		</div>
	</div>

	<div  class="wpb_single_image wpb_content_element vc_align_left wpb_content_element">
		
		<figure class="wpb_wrapper vc_figure">
			<div class="vc_single_image-wrapper vc_box_outline  vc_box_border_grey"><img loading="lazy" decoding="async" width="1600" height="1067" src="https://www.atlantis-bildungszentrum.de/wp-content/uploads/2021/01/atlantis-bildungszentrum-18.jpg" class="vc_single_image-img attachment-full" alt="" title="Student And Tutor Discuss Project On Interactive Whiteboard" srcset="https://www.atlantis-bildungszentrum.de/wp-content/uploads/2021/01/atlantis-bildungszentrum-18.jpg 1600w, https://www.atlantis-bildungszentrum.de/wp-content/uploads/2021/01/atlantis-bildungszentrum-18-300x200.jpg 300w, https://www.atlantis-bildungszentrum.de/wp-content/uploads/2021/01/atlantis-bildungszentrum-18-1024x683.jpg 1024w, https://www.atlantis-bildungszentrum.de/wp-content/uploads/2021/01/atlantis-bildungszentrum-18-768x512.jpg 768w, https://www.atlantis-bildungszentrum.de/wp-content/uploads/2021/01/atlantis-bildungszentrum-18-1536x1024.jpg 1536w, https://www.atlantis-bildungszentrum.de/wp-content/uploads/2021/01/atlantis-bildungszentrum-18-960x640.jpg 960w, https://www.atlantis-bildungszentrum.de/wp-content/uploads/2021/01/atlantis-bildungszentrum-18-750x500.jpg 750w, https://www.atlantis-bildungszentrum.de/wp-content/uploads/2021/01/atlantis-bildungszentrum-18-570x380.jpg 570w, https://www.atlantis-bildungszentrum.de/wp-content/uploads/2021/01/atlantis-bildungszentrum-18-600x400.jpg 600w, https://www.atlantis-bildungszentrum.de/wp-content/uploads/2021/01/atlantis-bildungszentrum-18-540x360.jpg 540w" sizes="auto, (max-width: 1600px) 100vw, 1600px" /></div>
		</figure>
	</div>
</div></div></div><div class="wpb_column vc_column_container vc_col-sm-6"><div class="vc_column-inner "><div class="wpb_wrapper">
	<div class="wpb_text_column wpb_content_element  vc_custom_1608231662345" >
		<div class="wpb_wrapper">
			<p>Gemeinsam mit ihm können Sie folgende Herausforderungen meistern:</p>

		</div>
	</div>
<ol class='dt-sc-fancy-list  blue   lower-alpha' data-delay='0'>
<li><span>Stärkeanalyse</span></li>
<li><span>Entwicklungspotenziale erkennen</span></li>
<li><span>Integrationsstrategien/ -ziele setzen</span></li>
<li><span>Reflexion der eigenen Person</span></li>
<li><span>Coaching und Begleitung nach der Arbeitsaufnahme</span></li>
<li><span>Integration ins Arbeitsleben</span></li>
<li><span>Sprachtraining</span></li>
<li><span>Kommunikation: Fachsprache sowie Kommunikation über alltägliche Belange</span></li>
<li><span>Krisenprävention</span></li>
<li><span>Vermittlung bei Krisen</span></li>
</ol></div></div></div></div><div class="vc_empty_space"   style="height: 50px"><span class="vc_empty_space_inner"></span></div><div class="vc_row wpb_row vc_inner vc_row-fluid"><div class="wpb_column vc_column_container vc_col-sm-6"><div class="vc_column-inner "><div class="wpb_wrapper"><h3 style="font-size: 20px;line-height: 40px;text-align: left" class="vc_custom_heading vcr_heading-right" >Umfang der Maßnahme</h3>
	<div class="wpb_text_column wpb_content_element  vc_custom_1544697880169" >
		<div class="wpb_wrapper">
			<div class='dt-sc-small-separator '></div>

		</div>
	</div>

	<div class="wpb_text_column wpb_content_element  vc_custom_1608231897741" >
		<div class="wpb_wrapper">
			<p>Das Coaching umfasst insgesamt 50 Unterrichtseinheiten (je 45 Minuten). Die Termine werden persönlich zwischen Ihnen und Ihrem Coach abgestimmt und begleitet. </p>

		</div>
	</div>
<h3 style="font-size: 20px;line-height: 40px;text-align: left" class="vc_custom_heading vcr_heading-right" >Methden</h3>
	<div class="wpb_text_column wpb_content_element  vc_custom_1544697880169" >
		<div class="wpb_wrapper">
			<div class='dt-sc-small-separator '></div>

		</div>
	</div>

	<div class="wpb_text_column wpb_content_element  vc_custom_1608232482144" >
		<div class="wpb_wrapper">
			<p>Der Jobcoach setzt erfolgreich folgende Methoden ein, um die Integration gezielt zu fördern</p>
<ul>
<li>Einzel- und Gruppengespräche</li>
<li>Simulationsübungen</li>
<li>Rollenspiele</li>
</ul>

		</div>
	</div>
</div></div></div><div class="wpb_column vc_column_container vc_col-sm-6"><div class="vc_column-inner "><div class="wpb_wrapper"><h3 style="font-size: 20px;line-height: 40px;text-align: left" class="vc_custom_heading vcr_heading-right" >Lehrgangsabschluss</h3>
	<div class="wpb_text_column wpb_content_element  vc_custom_1544697880169" >
		<div class="wpb_wrapper">
			<div class='dt-sc-small-separator '></div>

		</div>
	</div>

	<div class="wpb_text_column wpb_content_element  vc_custom_1608232507776" >
		<div class="wpb_wrapper">
			<p>Nach Beendigung des Lehrgangs erhält der Teilnehmer eine trägereigene Teilnahmebescheinigung.</p>

		</div>
	</div>
<h3 style="font-size: 20px;line-height: 40px;text-align: left" class="vc_custom_heading vcr_heading-right" >Förderung</h3>
	<div class="wpb_text_column wpb_content_element  vc_custom_1544697880169" >
		<div class="wpb_wrapper">
			<div class='dt-sc-small-separator '></div>

		</div>
	</div>

	<div class="wpb_text_column wpb_content_element  vc_custom_1608232549120" >
		<div class="wpb_wrapper">
			<p>Eine Förderung durch die Arbeitsagentur für Arbeit, die kommunalen Arbeitsagenturen oder vom Jobcenter ist nach SGB III möglich. Bitte informieren Sie sich dazu bei Ihrem Berater oder bei uns.</p>

		</div>
	</div>
</div></div></div></div><div class="vc_row wpb_row vc_inner vc_row-fluid"><div class="wpb_column vc_column_container vc_col-sm-12"><div class="vc_column-inner "><div class="wpb_wrapper">
	<div class="wpb_text_column wpb_content_element  vc_custom_1608232584086" >
		<div class="wpb_wrapper">
			<p>Für ein Beratungsgespräch sprechen Sie uns gerne an.</p>

		</div>
	</div>
</div></div></div></div></div></div></div></div><div class="vc_row-full-width vc_clearfix"></div><!-- Row Backgrounds --><div class="upb_bg_img" data-ultimate-bg="url(http://creasolution.de/atlantis2020/wp-content/uploads/2019/01/fw10.png)" data-image-id="id^18408|url^http://creasolution.de/atlantis2020/wp-content/uploads/2019/01/fw10.png|caption^null|alt^img|title^fw10|description^null" data-ultimate-bg-style="vcpb-vz-jquery" data-bg-img-repeat="no-repeat" data-bg-img-size="initial" data-bg-img-position="" data-parallx_sense="30" data-bg-override="0" data-bg_img_attach="scroll" data-upb-overlay-color="" data-upb-bg-animation="" data-fadeout="" data-bg-animation="left-animation" data-bg-animation-type="h" data-animation-repeat="repeat" data-fadeout-percentage="30" data-parallax-content="" data-parallax-content-sense="30" data-row-effect-mobile-disable="true" data-img-parallax-mobile-disable="true" data-rtl="false"  data-custom-vc-row=""  data-vc="7.9"  data-is_old_vc=""  data-theme-support=""   data-overlay="false" data-overlay-color="" data-overlay-pattern="" data-overlay-pattern-opacity="" data-overlay-pattern-size=""    ></div>
</div>

Coaching / Begleitung während einer Beschäftigung Haben Sie eine neue Arbeit aufgenommen, benötigen jedoch noch sprachliche und kommunikative Unterstützung, dann kann Ihnen ein Jobcoach in Ihrem Arbeitsleben unterstützen. Denn Coaching und Begleitung nach der Arbeitsaufnahme, gerade auch im Bereich der Sprache und der Kommunikation sind ein ganz wichtiger Teil zur effektiven Integration im Arbeitsleben. Die [...]
