{"id":86,"date":"2021-01-06T18:11:21","date_gmt":"2021-01-06T17:11:21","guid":{"rendered":"http:\/\/www.atlantis-bildungszentrum.de\/?page_id=86"},"modified":"2021-04-27T01:09:20","modified_gmt":"2021-04-26T23:09:20","slug":"nachhilfe-herne","status":"publish","type":"page","link":"https:\/\/www.atlantis-bildungszentrum.de\/index.php\/nachhilfe-herne\/","title":{"rendered":"Nachhilfe"},"content":{"rendered":"<div class=\"wpb-content-wrapper\"><div  data-delay=\"0\" data-vc-full-width=\"true\" data-vc-full-width-init=\"false\" class=\"vc_row wpb_row vc_row-fluid vc_custom_1608165613015 vc_row-o-equal-height vc_row-o-content-top vc_row-flex\"><div class=\"signature-content wpb_animate_when_almost_visible wpb_fadeInLeft fadeInLeft wpb_column vc_column_container vc_col-sm-12\" data-delay=\"100\"><div class=\"vc_column-inner \"><div class=\"wpb_wrapper\"><div class=\"vc_row wpb_row vc_inner vc_row-fluid\"><div class=\"wpb_column vc_column_container vc_col-sm-12\"><div class=\"vc_column-inner \"><div class=\"wpb_wrapper\"><h2 style=\"font-size: 30px;line-height: 40px;text-align: left\" class=\"vc_custom_heading vcr_heading-right\" >Nachhilfe - Individueller &amp; flexibler Unterricht f\u00fcr alle Schulstufen<\/h2><h4 style=\"font-size: 20px;line-height: 30px;text-align: left\" class=\"vc_custom_heading vcr_heading-right\" >Atlantis Bildungszentrum Herne<\/h4>\n\t<div class=\"wpb_text_column wpb_content_element  vc_custom_1544697880169\" >\n\t\t<div class=\"wpb_wrapper\">\n\t\t\t<div class='dt-sc-small-separator '><\/div>\n\n\t\t<\/div>\n\t<\/div>\n<\/div><\/div><\/div><\/div><div class=\"vc_row wpb_row vc_inner vc_row-fluid\"><div class=\"wpb_column vc_column_container vc_col-sm-8\"><div class=\"vc_column-inner \"><div class=\"wpb_wrapper\">\n\t<div class=\"wpb_text_column wpb_content_element  vc_custom_1619478545802\" >\n\t\t<div class=\"wpb_wrapper\">\n\t\t\t<p>Das Atlantis Bildungszentrum zeichnet sich durch sein besonderes <a href=\"https:\/\/www.atlantis-bildungszentrum.de\/index.php\/nachhilfe\/\">Nachhilfe- und F\u00f6rderkonzept<\/a> aus. Wir bieten Ihrem Kind modernsten Unterricht in einer stressfreien Lernatmosph\u00e4re an, der perfekt auf seine individuellen Bed\u00fcrfnisse und W\u00fcnsche zugeschnitten ist. Mit unseren professionellen und sympathischen Nachhilfelehrern k\u00f6nnen unsere Sch\u00fcler in allen relevanten Schulf\u00e4chern (Deutsch, Mathematik, Englisch, Franz\u00f6sisch, Latein, Sprachf\u00f6rderung f\u00fcr Kinder mit Migrationshintergrund usw.) sowohl in <a href=\"https:\/\/www.atlantis-bildungszentrum.de\/index.php\/schulungskonzept\/\">unseren R\u00e4umlichkeiten als auch online<\/a> zu jeder Zeit flexibel lernen. Erg\u00e4nzend zum Fachunterricht bieten wir ein modernes Lernskill-Training an. Bei uns findet Ihr Kind alles, was es f\u00fcr seinen schulischen Erfolg ben\u00f6tigt: Vermittlung von Lerntechniken und Konzentrations\u00fcbungen, Repetitionsprogramme, Pr\u00fcfungen und \u00dcbertritte meistern, Lernbegleitung, Probepr\u00fcfungen mit Feedback und individuelle Lernprogramme.<\/p>\n<p>Wir unterst\u00fctzen Sie gerne bei der Beantragung vom <a href=\"https:\/\/www.herne.de\/Familie-und-Bildung\/Projekte-und-F%C3%B6rderungen\/Bildungs-und-Teilhabepaket\/\">Bildungs- und Teilhabe-Paket<\/a> (BuT). Vereinbaren Sie jetzt eine kostenlose Schnupperstundebei uns.<\/p>\n\n\t\t<\/div>\n\t<\/div>\n<\/div><\/div><\/div><div class=\"wpb_column vc_column_container vc_col-sm-4\"><div class=\"vc_column-inner \"><div class=\"wpb_wrapper\">\n\t<div  class=\"wpb_single_image wpb_content_element vc_align_right wpb_content_element\">\n\t\t\n\t\t<figure class=\"wpb_wrapper vc_figure\">\n\t\t\t<div class=\"vc_single_image-wrapper vc_box_outline  vc_box_border_grey\"><img loading=\"lazy\" decoding=\"async\" width=\"1600\" height=\"1067\" src=\"https:\/\/www.atlantis-bildungszentrum.de\/wp-content\/uploads\/2021\/01\/atlantis-bildungszentrum-4.jpg\" class=\"vc_single_image-img attachment-full\" alt=\"nachhilfe herne\" title=\"nachhilfe herne\" srcset=\"https:\/\/www.atlantis-bildungszentrum.de\/wp-content\/uploads\/2021\/01\/atlantis-bildungszentrum-4.jpg 1600w, https:\/\/www.atlantis-bildungszentrum.de\/wp-content\/uploads\/2021\/01\/atlantis-bildungszentrum-4-300x200.jpg 300w, https:\/\/www.atlantis-bildungszentrum.de\/wp-content\/uploads\/2021\/01\/atlantis-bildungszentrum-4-1024x683.jpg 1024w, https:\/\/www.atlantis-bildungszentrum.de\/wp-content\/uploads\/2021\/01\/atlantis-bildungszentrum-4-768x512.jpg 768w, https:\/\/www.atlantis-bildungszentrum.de\/wp-content\/uploads\/2021\/01\/atlantis-bildungszentrum-4-1536x1024.jpg 1536w, https:\/\/www.atlantis-bildungszentrum.de\/wp-content\/uploads\/2021\/01\/atlantis-bildungszentrum-4-960x640.jpg 960w, https:\/\/www.atlantis-bildungszentrum.de\/wp-content\/uploads\/2021\/01\/atlantis-bildungszentrum-4-750x500.jpg 750w, https:\/\/www.atlantis-bildungszentrum.de\/wp-content\/uploads\/2021\/01\/atlantis-bildungszentrum-4-570x380.jpg 570w, https:\/\/www.atlantis-bildungszentrum.de\/wp-content\/uploads\/2021\/01\/atlantis-bildungszentrum-4-600x400.jpg 600w, https:\/\/www.atlantis-bildungszentrum.de\/wp-content\/uploads\/2021\/01\/atlantis-bildungszentrum-4-540x360.jpg 540w\" sizes=\"auto, (max-width: 1600px) 100vw, 1600px\" \/><\/div>\n\t\t<\/figure>\n\t<\/div>\n\n\t<div class=\"wpb_text_column wpb_content_element  vc_custom_1608312079042\" >\n\t\t<div class=\"wpb_wrapper\">\n\t\t\t<p><em>\u201eWeil Kinder unsere Zukunft sind!\u201c<\/em><\/p>\n\n\t\t<\/div>\n\t<\/div>\n<\/div><\/div><\/div><\/div><div class=\"vc_empty_space\"   style=\"height: 50px\"><span class=\"vc_empty_space_inner\"><\/span><\/div><div class=\"vc_row wpb_row vc_inner vc_row-fluid\"><div class=\"wpb_column vc_column_container vc_col-sm-12\"><div class=\"vc_column-inner \"><div class=\"wpb_wrapper\"><h3 style=\"font-size: 20px;line-height: 40px;text-align: left\" class=\"vc_custom_heading vcr_heading-right\" >In nur vier Schritten zu besseren Noten<\/h3>\n\t<div class=\"wpb_text_column wpb_content_element  vc_custom_1544697880169\" >\n\t\t<div class=\"wpb_wrapper\">\n\t\t\t<div class='dt-sc-small-separator '><\/div>\n\n\t\t<\/div>\n\t<\/div>\n<\/div><\/div><\/div><\/div><div class=\"vc_row wpb_row vc_inner vc_row-fluid\"><div class=\"wpb_column vc_column_container vc_col-sm-6\"><div class=\"vc_column-inner \"><div class=\"wpb_wrapper\"><div class='dt-sc-icon-box type7   wpb_animate_when_almost_visible wpb_fadeInUp fadeInUp' data-delay='0' ><div class=\"icon-wrapper\"><span class='fas fa-check'> <\/span><\/div><div class=\"icon-content\"><h4>Beratungsgespr\u00e4ch<\/h4><p>In einem pers\u00f6nlichen Beratungsgespr\u00e4ch mit den Sch\u00fclern und Eltern, die vor Beginn jeder F\u00f6rderung gef\u00fchrt werden, wird mittels einer Lernstandserhebung ermittelt, wo genau die Lerndefizite jedes einzelnen Sch\u00fclers liegen. Die letzten beiden Schulzeugnisse und die letzten Klassenarbeiten werden vorgelegt. Anhand der Unterlagen k\u00f6nnen wir die Defizite erkennen. Anschlie\u00dfend lernen die Sch\u00fcler ihre Nachhilfelehrer kennen und k\u00f6nnen sich in kostenlosen Probestunden ein Bild von der Nachhilfesituation machen. Basierend auf den Ergebnissen der Lernstandserhebung entwickelt unsere qualifizierte Leitung eine individuelle F\u00f6rderung f\u00fcr jedes Kind. Bei einer regelm\u00e4\u00dfigen Teilnahme verbessern sich die Noten bereits nach kurzer Zeit, die Lernmotivation wird gesteigert und das Lernverhalten insgesamt optimiert.<\/p><\/div><\/div><\/div><\/div><\/div><div class=\"wpb_column vc_column_container vc_col-sm-6\"><div class=\"vc_column-inner \"><div class=\"wpb_wrapper\"><div class='dt-sc-icon-box type7   wpb_animate_when_almost_visible wpb_fadeInUp fadeInUp' data-delay='0' ><div class=\"icon-wrapper\"><span class='fas fa-check'> <\/span><\/div><div class=\"icon-content\"><h4>Pr\u00fcfungsvorbereitung<\/h4><p>Vorbereitung auf die zentrale Abschlusspr\u00fcfung nach der 10. Klasse f\u00fcr alle Schulformen (ZAP)<\/p>\n<p>Wenn f\u00fcr die Zehntkl\u00e4ssler der Real-, Haupt- und Gesamtschulen das zweite Halbjahr beginnt, stehen die Zentrale Abschlusspr\u00fcfung (ZAP) an. F\u00fcr viele Sch\u00fcler in Nordrhein-Westfalen sind die Zentralen Abschlusspr\u00fcfungen am Ende der 10. Klasse entscheidend. Sie erreichen mit den ZAP\u2019s ihren jeweiligen Abschluss, denn die Ergebnisnote flie\u00dft zu 50 Prozent in die Gesamtabschlussnote ein.\nSie werden in den F\u00e4chern Mathe, Deutsch und Englisch optimal auf die ZAP vorbereitet.<\/p><\/div><\/div><\/div><\/div><\/div><\/div><div class=\"vc_row wpb_row vc_inner vc_row-fluid\"><div class=\"wpb_column vc_column_container vc_col-sm-6\"><div class=\"vc_column-inner \"><div class=\"wpb_wrapper\"><div class='dt-sc-icon-box type7   wpb_animate_when_almost_visible wpb_fadeInUp fadeInUp' data-delay='0' ><div class=\"icon-wrapper\"><span class='fas fa-check'> <\/span><\/div><div class=\"icon-content\"><h4>Vorbereitung auf die zentrale Abiturpr\u00fcfung<\/h4><p>Seit \u00fcber sieben Jahren bietet das Atlantis Bildungszentrum Vorbereitungskurse f\u00fcr die zentralen Abiturpr\u00fcfungen. Mit einer gezielten Pr\u00fcfungsvorbereitung k\u00f6nnen wir das vorhandene Wissen vertiefen und Defizite ausgleichen. Anhand von Musterklausuren \u00fcben wir den \u201eErnstfall\u201c. Sie gew\u00f6hnen sich an die Pr\u00fcfungssituation und die Arbeit unter Zeitdruck. Das nimmt die Pr\u00fcfungsangst du st\u00e4rkt Ihr Selbstbewusstsein.<\/p><\/div><\/div><\/div><\/div><\/div><div class=\"wpb_column vc_column_container vc_col-sm-6\"><div class=\"vc_column-inner \"><div class=\"wpb_wrapper\"><div class='dt-sc-icon-box type7   wpb_animate_when_almost_visible wpb_fadeInUp fadeInUp' data-delay='0' ><div class=\"icon-wrapper\"><span class='fas fa-check'> <\/span><\/div><div class=\"icon-content\"><h4>Nachhilfe und F\u00f6rderung<\/h4><p>&#8211; Vom Vorschuljahr bis Abiturvorbereitung in allen F\u00e4chern\n&#8211; Unterrichten in Kleingruppen\n&#8211; Einzelunterricht<\/p>\n<p>Kontakt mit den \u00f6ffentlichen Schulen\n&#8211; Vorbereitungen auf die Klassenarbeiten und Pr\u00fcfungen\n&#8211; Onlineunterricht- und E-Learning<\/p><\/div><\/div><\/div><\/div><\/div><\/div><div class=\"vc_row wpb_row vc_inner vc_row-fluid\"><div class=\"wpb_column vc_column_container vc_col-sm-6\"><div class=\"vc_column-inner \"><div class=\"wpb_wrapper\"><div class='dt-sc-icon-box type7   wpb_animate_when_almost_visible wpb_fadeInUp fadeInUp' data-delay='0' ><div class=\"icon-wrapper\"><span class='fas fa-check'> <\/span><\/div><div class=\"icon-content\"><h4>Sprachf\u00f6rderung f\u00fcr Kinder<\/h4><p>Unsere Sprachf\u00f6rderung bietet sich f\u00fcr Kinder an, wenn es Probleme bei der Aussprache, Satzbildung sowie Grammatik hat und beispielsweise \u00fcber ein eher weniger umfangreiches Vokabular verf\u00fcgt. Denn eine professionelle Sprachf\u00f6rderung kann hier demnach gezielt eingreifen.\nWeiterhin bieten wir Sprachf\u00f6rderung f\u00fcr Kinder mit sehr wenig Deutschkenntnisse an. F\u00fcr diese speziellen Kurse werden Fachdozenten aus dem Bereich Deutsch als Zweitsprache eingesetzt. Die deutsche Sprache ist der Schl\u00fcssel zum Erfolg in der Schule.<\/p><\/div><\/div><\/div><\/div><\/div><\/div><\/div><\/div><\/div><\/div><div class=\"vc_row-full-width vc_clearfix\"><\/div><!-- Row Backgrounds --><div class=\"upb_bg_img\" data-ultimate-bg=\"url(http:\/\/creasolution.de\/atlantis2020\/wp-content\/uploads\/2019\/01\/fw10.png)\" data-image-id=\"id^18408|url^http:\/\/creasolution.de\/atlantis2020\/wp-content\/uploads\/2019\/01\/fw10.png|caption^null|alt^img|title^fw10|description^null\" data-ultimate-bg-style=\"vcpb-vz-jquery\" data-bg-img-repeat=\"no-repeat\" data-bg-img-size=\"initial\" data-bg-img-position=\"\" data-parallx_sense=\"30\" data-bg-override=\"0\" data-bg_img_attach=\"scroll\" data-upb-overlay-color=\"\" data-upb-bg-animation=\"\" data-fadeout=\"\" data-bg-animation=\"left-animation\" data-bg-animation-type=\"h\" data-animation-repeat=\"repeat\" data-fadeout-percentage=\"30\" data-parallax-content=\"\" data-parallax-content-sense=\"30\" data-row-effect-mobile-disable=\"true\" data-img-parallax-mobile-disable=\"true\" data-rtl=\"false\"  data-custom-vc-row=\"\"  data-vc=\"7.9\"  data-is_old_vc=\"\"  data-theme-support=\"\"   data-overlay=\"false\" data-overlay-color=\"\" data-overlay-pattern=\"\" data-overlay-pattern-opacity=\"\" data-overlay-pattern-size=\"\"    ><\/div>\n<\/div>","protected":false},"excerpt":{"rendered":"Nachhilfe - Individueller &amp; flexibler Unterricht f\u00fcr alle SchulstufenAtlantis Bildungszentrum Herne Das Atlantis Bildungszentrum zeichnet sich durch sein besonderes Nachhilfe- und F\u00f6rderkonzept aus. Wir bieten Ihrem Kind modernsten Unterricht in einer stressfreien Lernatmosph\u00e4re an, der perfekt auf seine individuellen Bed\u00fcrfnisse und W\u00fcnsche zugeschnitten ist. Mit unseren professionellen und sympathischen Nachhilfelehrern k\u00f6nnen unsere Sch\u00fcler in allen [...]","protected":false},"author":9,"featured_media":0,"parent":0,"menu_order":0,"comment_status":"closed","ping_status":"closed","template":"","meta":{"footnotes":""},"class_list":["post-86","page","type-page","status-publish","hentry"],"_links":{"self":[{"href":"https:\/\/www.atlantis-bildungszentrum.de\/index.php\/wp-json\/wp\/v2\/pages\/86","targetHints":{"allow":["GET"]}}],"collection":[{"href":"https:\/\/www.atlantis-bildungszentrum.de\/index.php\/wp-json\/wp\/v2\/pages"}],"about":[{"href":"https:\/\/www.atlantis-bildungszentrum.de\/index.php\/wp-json\/wp\/v2\/types\/page"}],"author":[{"embeddable":true,"href":"https:\/\/www.atlantis-bildungszentrum.de\/index.php\/wp-json\/wp\/v2\/users\/9"}],"replies":[{"embeddable":true,"href":"https:\/\/www.atlantis-bildungszentrum.de\/index.php\/wp-json\/wp\/v2\/comments?post=86"}],"version-history":[{"count":0,"href":"https:\/\/www.atlantis-bildungszentrum.de\/index.php\/wp-json\/wp\/v2\/pages\/86\/revisions"}],"wp:attachment":[{"href":"https:\/\/www.atlantis-bildungszentrum.de\/index.php\/wp-json\/wp\/v2\/media?parent=86"}],"curies":[{"name":"wp","href":"https:\/\/api.w.org\/{rel}","templated":true}]}}

<div class="wpb-content-wrapper"><div  data-delay="0" data-vc-full-width="true" data-vc-full-width-init="false" class="vc_row wpb_row vc_row-fluid vc_custom_1608165613015 vc_row-o-equal-height vc_row-o-content-top vc_row-flex"><div class="signature-content wpb_animate_when_almost_visible wpb_fadeInLeft fadeInLeft wpb_column vc_column_container vc_col-sm-12" data-delay="100"><div class="vc_column-inner "><div class="wpb_wrapper"><div class="vc_row wpb_row vc_inner vc_row-fluid"><div class="wpb_column vc_column_container vc_col-sm-12"><div class="vc_column-inner "><div class="wpb_wrapper"><h2 style="font-size: 30px;line-height: 40px;text-align: left" class="vc_custom_heading vcr_heading-right" >Nachhilfe - Individueller &amp; flexibler Unterricht für alle Schulstufen</h2><h4 style="font-size: 20px;line-height: 30px;text-align: left" class="vc_custom_heading vcr_heading-right" >Atlantis Bildungszentrum Herne</h4>
	<div class="wpb_text_column wpb_content_element  vc_custom_1544697880169" >
		<div class="wpb_wrapper">
			<div class='dt-sc-small-separator '></div>

		</div>
	</div>
</div></div></div></div><div class="vc_row wpb_row vc_inner vc_row-fluid"><div class="wpb_column vc_column_container vc_col-sm-8"><div class="vc_column-inner "><div class="wpb_wrapper">
	<div class="wpb_text_column wpb_content_element  vc_custom_1619478545802" >
		<div class="wpb_wrapper">
			<p>Das Atlantis Bildungszentrum zeichnet sich durch sein besonderes <a href="https://www.atlantis-bildungszentrum.de/index.php/nachhilfe/">Nachhilfe- und Förderkonzept</a> aus. Wir bieten Ihrem Kind modernsten Unterricht in einer stressfreien Lernatmosphäre an, der perfekt auf seine individuellen Bedürfnisse und Wünsche zugeschnitten ist. Mit unseren professionellen und sympathischen Nachhilfelehrern können unsere Schüler in allen relevanten Schulfächern (Deutsch, Mathematik, Englisch, Französisch, Latein, Sprachförderung für Kinder mit Migrationshintergrund usw.) sowohl in <a href="https://www.atlantis-bildungszentrum.de/index.php/schulungskonzept/">unseren Räumlichkeiten als auch online</a> zu jeder Zeit flexibel lernen. Ergänzend zum Fachunterricht bieten wir ein modernes Lernskill-Training an. Bei uns findet Ihr Kind alles, was es für seinen schulischen Erfolg benötigt: Vermittlung von Lerntechniken und Konzentrationsübungen, Repetitionsprogramme, Prüfungen und Übertritte meistern, Lernbegleitung, Probeprüfungen mit Feedback und individuelle Lernprogramme.</p>
<p>Wir unterstützen Sie gerne bei der Beantragung vom <a href="https://www.herne.de/Familie-und-Bildung/Projekte-und-F%C3%B6rderungen/Bildungs-und-Teilhabepaket/">Bildungs- und Teilhabe-Paket</a> (BuT). Vereinbaren Sie jetzt eine kostenlose Schnupperstundebei uns.</p>

		</div>
	</div>
</div></div></div><div class="wpb_column vc_column_container vc_col-sm-4"><div class="vc_column-inner "><div class="wpb_wrapper">
	<div  class="wpb_single_image wpb_content_element vc_align_right wpb_content_element">
		
		<figure class="wpb_wrapper vc_figure">
			<div class="vc_single_image-wrapper vc_box_outline  vc_box_border_grey"><img loading="lazy" decoding="async" width="1600" height="1067" src="https://www.atlantis-bildungszentrum.de/wp-content/uploads/2021/01/atlantis-bildungszentrum-4.jpg" class="vc_single_image-img attachment-full" alt="nachhilfe herne" title="nachhilfe herne" srcset="https://www.atlantis-bildungszentrum.de/wp-content/uploads/2021/01/atlantis-bildungszentrum-4.jpg 1600w, https://www.atlantis-bildungszentrum.de/wp-content/uploads/2021/01/atlantis-bildungszentrum-4-300x200.jpg 300w, https://www.atlantis-bildungszentrum.de/wp-content/uploads/2021/01/atlantis-bildungszentrum-4-1024x683.jpg 1024w, https://www.atlantis-bildungszentrum.de/wp-content/uploads/2021/01/atlantis-bildungszentrum-4-768x512.jpg 768w, https://www.atlantis-bildungszentrum.de/wp-content/uploads/2021/01/atlantis-bildungszentrum-4-1536x1024.jpg 1536w, https://www.atlantis-bildungszentrum.de/wp-content/uploads/2021/01/atlantis-bildungszentrum-4-960x640.jpg 960w, https://www.atlantis-bildungszentrum.de/wp-content/uploads/2021/01/atlantis-bildungszentrum-4-750x500.jpg 750w, https://www.atlantis-bildungszentrum.de/wp-content/uploads/2021/01/atlantis-bildungszentrum-4-570x380.jpg 570w, https://www.atlantis-bildungszentrum.de/wp-content/uploads/2021/01/atlantis-bildungszentrum-4-600x400.jpg 600w, https://www.atlantis-bildungszentrum.de/wp-content/uploads/2021/01/atlantis-bildungszentrum-4-540x360.jpg 540w" sizes="auto, (max-width: 1600px) 100vw, 1600px" /></div>
		</figure>
	</div>

	<div class="wpb_text_column wpb_content_element  vc_custom_1608312079042" >
		<div class="wpb_wrapper">
			<p><em>„Weil Kinder unsere Zukunft sind!“</em></p>

		</div>
	</div>
</div></div></div></div><div class="vc_empty_space"   style="height: 50px"><span class="vc_empty_space_inner"></span></div><div class="vc_row wpb_row vc_inner vc_row-fluid"><div class="wpb_column vc_column_container vc_col-sm-12"><div class="vc_column-inner "><div class="wpb_wrapper"><h3 style="font-size: 20px;line-height: 40px;text-align: left" class="vc_custom_heading vcr_heading-right" >In nur vier Schritten zu besseren Noten</h3>
	<div class="wpb_text_column wpb_content_element  vc_custom_1544697880169" >
		<div class="wpb_wrapper">
			<div class='dt-sc-small-separator '></div>

		</div>
	</div>
</div></div></div></div><div class="vc_row wpb_row vc_inner vc_row-fluid"><div class="wpb_column vc_column_container vc_col-sm-6"><div class="vc_column-inner "><div class="wpb_wrapper"><div class='dt-sc-icon-box type7   wpb_animate_when_almost_visible wpb_fadeInUp fadeInUp' data-delay='0' ><div class="icon-wrapper"><span class='fas fa-check'> </span></div><div class="icon-content"><h4>Beratungsgespräch</h4><p>In einem persönlichen Beratungsgespräch mit den Schülern und Eltern, die vor Beginn jeder Förderung geführt werden, wird mittels einer Lernstandserhebung ermittelt, wo genau die Lerndefizite jedes einzelnen Schülers liegen. Die letzten beiden Schulzeugnisse und die letzten Klassenarbeiten werden vorgelegt. Anhand der Unterlagen können wir die Defizite erkennen. Anschließend lernen die Schüler ihre Nachhilfelehrer kennen und können sich in kostenlosen Probestunden ein Bild von der Nachhilfesituation machen. Basierend auf den Ergebnissen der Lernstandserhebung entwickelt unsere qualifizierte Leitung eine individuelle Förderung für jedes Kind. Bei einer regelmäßigen Teilnahme verbessern sich die Noten bereits nach kurzer Zeit, die Lernmotivation wird gesteigert und das Lernverhalten insgesamt optimiert.</p></div></div></div></div></div><div class="wpb_column vc_column_container vc_col-sm-6"><div class="vc_column-inner "><div class="wpb_wrapper"><div class='dt-sc-icon-box type7   wpb_animate_when_almost_visible wpb_fadeInUp fadeInUp' data-delay='0' ><div class="icon-wrapper"><span class='fas fa-check'> </span></div><div class="icon-content"><h4>Prüfungsvorbereitung</h4><p>Vorbereitung auf die zentrale Abschlussprüfung nach der 10. Klasse für alle Schulformen (ZAP)</p>
<p>Wenn für die Zehntklässler der Real-, Haupt- und Gesamtschulen das zweite Halbjahr beginnt, stehen die Zentrale Abschlussprüfung (ZAP) an. Für viele Schüler in Nordrhein-Westfalen sind die Zentralen Abschlussprüfungen am Ende der 10. Klasse entscheidend. Sie erreichen mit den ZAP’s ihren jeweiligen Abschluss, denn die Ergebnisnote fließt zu 50 Prozent in die Gesamtabschlussnote ein.
Sie werden in den Fächern Mathe, Deutsch und Englisch optimal auf die ZAP vorbereitet.</p></div></div></div></div></div></div><div class="vc_row wpb_row vc_inner vc_row-fluid"><div class="wpb_column vc_column_container vc_col-sm-6"><div class="vc_column-inner "><div class="wpb_wrapper"><div class='dt-sc-icon-box type7   wpb_animate_when_almost_visible wpb_fadeInUp fadeInUp' data-delay='0' ><div class="icon-wrapper"><span class='fas fa-check'> </span></div><div class="icon-content"><h4>Vorbereitung auf die zentrale Abiturprüfung</h4><p>Seit über sieben Jahren bietet das Atlantis Bildungszentrum Vorbereitungskurse für die zentralen Abiturprüfungen. Mit einer gezielten Prüfungsvorbereitung können wir das vorhandene Wissen vertiefen und Defizite ausgleichen. Anhand von Musterklausuren üben wir den „Ernstfall“. Sie gewöhnen sich an die Prüfungssituation und die Arbeit unter Zeitdruck. Das nimmt die Prüfungsangst du stärkt Ihr Selbstbewusstsein.</p></div></div></div></div></div><div class="wpb_column vc_column_container vc_col-sm-6"><div class="vc_column-inner "><div class="wpb_wrapper"><div class='dt-sc-icon-box type7   wpb_animate_when_almost_visible wpb_fadeInUp fadeInUp' data-delay='0' ><div class="icon-wrapper"><span class='fas fa-check'> </span></div><div class="icon-content"><h4>Nachhilfe und Förderung</h4><p>&#8211; Vom Vorschuljahr bis Abiturvorbereitung in allen Fächern
&#8211; Unterrichten in Kleingruppen
&#8211; Einzelunterricht</p>
<p>Kontakt mit den öffentlichen Schulen
&#8211; Vorbereitungen auf die Klassenarbeiten und Prüfungen
&#8211; Onlineunterricht- und E-Learning</p></div></div></div></div></div></div><div class="vc_row wpb_row vc_inner vc_row-fluid"><div class="wpb_column vc_column_container vc_col-sm-6"><div class="vc_column-inner "><div class="wpb_wrapper"><div class='dt-sc-icon-box type7   wpb_animate_when_almost_visible wpb_fadeInUp fadeInUp' data-delay='0' ><div class="icon-wrapper"><span class='fas fa-check'> </span></div><div class="icon-content"><h4>Sprachförderung für Kinder</h4><p>Unsere Sprachförderung bietet sich für Kinder an, wenn es Probleme bei der Aussprache, Satzbildung sowie Grammatik hat und beispielsweise über ein eher weniger umfangreiches Vokabular verfügt. Denn eine professionelle Sprachförderung kann hier demnach gezielt eingreifen.
Weiterhin bieten wir Sprachförderung für Kinder mit sehr wenig Deutschkenntnisse an. Für diese speziellen Kurse werden Fachdozenten aus dem Bereich Deutsch als Zweitsprache eingesetzt. Die deutsche Sprache ist der Schlüssel zum Erfolg in der Schule.</p></div></div></div></div></div></div></div></div></div></div><div class="vc_row-full-width vc_clearfix"></div><!-- Row Backgrounds --><div class="upb_bg_img" data-ultimate-bg="url(http://creasolution.de/atlantis2020/wp-content/uploads/2019/01/fw10.png)" data-image-id="id^18408|url^http://creasolution.de/atlantis2020/wp-content/uploads/2019/01/fw10.png|caption^null|alt^img|title^fw10|description^null" data-ultimate-bg-style="vcpb-vz-jquery" data-bg-img-repeat="no-repeat" data-bg-img-size="initial" data-bg-img-position="" data-parallx_sense="30" data-bg-override="0" data-bg_img_attach="scroll" data-upb-overlay-color="" data-upb-bg-animation="" data-fadeout="" data-bg-animation="left-animation" data-bg-animation-type="h" data-animation-repeat="repeat" data-fadeout-percentage="30" data-parallax-content="" data-parallax-content-sense="30" data-row-effect-mobile-disable="true" data-img-parallax-mobile-disable="true" data-rtl="false"  data-custom-vc-row=""  data-vc="7.9"  data-is_old_vc=""  data-theme-support=""   data-overlay="false" data-overlay-color="" data-overlay-pattern="" data-overlay-pattern-opacity="" data-overlay-pattern-size=""    ></div>
</div>

Nachhilfe - Individueller &amp; flexibler Unterricht für alle SchulstufenAtlantis Bildungszentrum Herne Das Atlantis Bildungszentrum zeichnet sich durch sein besonderes Nachhilfe- und Förderkonzept aus. Wir bieten Ihrem Kind modernsten Unterricht in einer stressfreien Lernatmosphäre an, der perfekt auf seine individuellen Bedürfnisse und Wünsche zugeschnitten ist. Mit unseren professionellen und sympathischen Nachhilfelehrern können unsere Schüler in allen [...]
