{"id":89,"date":"2021-01-06T18:12:09","date_gmt":"2021-01-06T17:12:09","guid":{"rendered":"http:\/\/www.atlantis-bildungszentrum.de\/?page_id=89"},"modified":"2021-04-27T01:29:10","modified_gmt":"2021-04-26T23:29:10","slug":"pflegekraefte-ausland","status":"publish","type":"page","link":"https:\/\/www.atlantis-bildungszentrum.de\/index.php\/pflegekraefte-ausland\/","title":{"rendered":"Projekte"},"content":{"rendered":"<div class=\"wpb-content-wrapper\"><div  data-delay=\"0\" data-vc-full-width=\"true\" data-vc-full-width-init=\"false\" class=\"vc_row wpb_row vc_row-fluid vc_custom_1546941749805 vc_row-o-equal-height vc_row-o-content-middle vc_row-flex\"><div class=\"signature-content wpb_animate_when_almost_visible wpb_fadeInLeft fadeInLeft wpb_column vc_column_container vc_col-sm-6\" data-delay=\"100\"><div class=\"vc_column-inner \"><div class=\"wpb_wrapper\"><h2 style=\"font-size: 30px;line-height: 40px;text-align: left\" class=\"vc_custom_heading vcr_heading-right\" >Pflegefachkr\u00e4fte aus Nord-Mazedonien, Serbien sowie Bosnien und Herzegowina<\/h2>\n\t<div class=\"wpb_text_column wpb_content_element  vc_custom_1544697880169\" >\n\t\t<div class=\"wpb_wrapper\">\n\t\t\t<div class='dt-sc-small-separator '><\/div>\n\n\t\t<\/div>\n\t<\/div>\n\n\t<div class=\"wpb_text_column wpb_content_element  vc_custom_1619479626712\" >\n\t\t<div class=\"wpb_wrapper\">\n\t\t\t<p>Auch wenn ein L\u00e4cheln die sch\u00f6nste Sprache der Welt ist, geraten speziell im Pflegealltag viele Mitarbeiter ohne entsprechende Sprachkenntnisse an ihre Grenzen.<\/p>\n<p>Wir &#8211; das Atlantis Bildungszentrum in Herne &#8211;\u00a0 reagieren auf den steigenden Bedarf und den Zuwachs an Pflegepersonal bzw. Pflegekr\u00e4fte aus dem Ausland. Seit Jahren f\u00fchren wir in Deutschland und im Ausland (Serbien, Bosnien und Herzegowina, Nord-Mazedonien und Philippinen) <a href=\"https:\/\/www.atlantis-bildungszentrum.de\/index.php\/deutschkurse\/\">Deutschkurse f\u00fcr Erwachsene<\/a> durch.\u00a0 Dabei haben wir uns im Bereich Deutschkurse f\u00fcr Pflegekr\u00e4fte und Mediziner spezialisiert und diesbez\u00fcglich mit unseren Kooperationspartnern ein Projekt entwickelt. Unser Leistungsangebot beschr\u00e4nkt sich nicht nur auf die sprachliche Weiterqualifizierung von Mitarbeitern, Fach- und F\u00fchrungskr\u00e4ften bis zur Niveaustufe B2, sondern umfasst eine breite Palette von Zusatzleistungen. In Absprache mit den jeweiligen Arbeitgebern werden\u00a0 zuk\u00fcnftige Mitarbeiter\/innen\u00a0 in den von uns angebotenen Kursen optimal auf die Pflegefachsprache vorbereitet.<\/p>\n\n\t\t<\/div>\n\t<\/div>\n<\/div><\/div><\/div><div class=\"wpb_column vc_column_container vc_col-sm-6\" data-delay=\"0\"><div class=\"vc_column-inner \"><div class=\"wpb_wrapper\"><div class=\"vc_row wpb_row vc_inner vc_row-fluid image-caption-simple vc_row-o-content-top vc_row-flex\"><div class=\"wpb_column vc_column_container vc_col-sm-12\"><div class=\"vc_column-inner vc_custom_1544702615310\"><div class=\"wpb_wrapper\">\n\t<div  class=\"wpb_single_image wpb_content_element vc_align_left wpb_content_element\">\n\t\t\n\t\t<figure class=\"wpb_wrapper vc_figure\">\n\t\t\t<div class=\"vc_single_image-wrapper vc_box_outline  vc_box_border_grey\"><img loading=\"lazy\" decoding=\"async\" width=\"1600\" height=\"1067\" src=\"https:\/\/www.atlantis-bildungszentrum.de\/wp-content\/uploads\/2021\/01\/atlantis-bildungszentrum-15.jpg\" class=\"vc_single_image-img attachment-full\" alt=\"pflegekr\u00e4fte aus dem ausland\" title=\"pflegekr\u00e4fte aus dem ausland\" srcset=\"https:\/\/www.atlantis-bildungszentrum.de\/wp-content\/uploads\/2021\/01\/atlantis-bildungszentrum-15.jpg 1600w, https:\/\/www.atlantis-bildungszentrum.de\/wp-content\/uploads\/2021\/01\/atlantis-bildungszentrum-15-300x200.jpg 300w, https:\/\/www.atlantis-bildungszentrum.de\/wp-content\/uploads\/2021\/01\/atlantis-bildungszentrum-15-1024x683.jpg 1024w, https:\/\/www.atlantis-bildungszentrum.de\/wp-content\/uploads\/2021\/01\/atlantis-bildungszentrum-15-768x512.jpg 768w, https:\/\/www.atlantis-bildungszentrum.de\/wp-content\/uploads\/2021\/01\/atlantis-bildungszentrum-15-1536x1024.jpg 1536w, https:\/\/www.atlantis-bildungszentrum.de\/wp-content\/uploads\/2021\/01\/atlantis-bildungszentrum-15-960x640.jpg 960w, https:\/\/www.atlantis-bildungszentrum.de\/wp-content\/uploads\/2021\/01\/atlantis-bildungszentrum-15-750x500.jpg 750w, https:\/\/www.atlantis-bildungszentrum.de\/wp-content\/uploads\/2021\/01\/atlantis-bildungszentrum-15-570x380.jpg 570w, https:\/\/www.atlantis-bildungszentrum.de\/wp-content\/uploads\/2021\/01\/atlantis-bildungszentrum-15-600x400.jpg 600w, https:\/\/www.atlantis-bildungszentrum.de\/wp-content\/uploads\/2021\/01\/atlantis-bildungszentrum-15-540x360.jpg 540w\" sizes=\"auto, (max-width: 1600px) 100vw, 1600px\" \/><\/div>\n\t\t<\/figure>\n\t<\/div>\n<\/div><\/div><\/div><\/div><\/div><\/div><\/div><\/div><div class=\"vc_row-full-width vc_clearfix\"><\/div><!-- Row Backgrounds --><div class=\"upb_bg_img\" data-ultimate-bg=\"url(http:\/\/creasolution.de\/atlantis2020\/wp-content\/uploads\/2019\/01\/fw10.png)\" data-image-id=\"id^18408|url^http:\/\/creasolution.de\/atlantis2020\/wp-content\/uploads\/2019\/01\/fw10.png|caption^null|alt^img|title^fw10|description^null\" data-ultimate-bg-style=\"vcpb-vz-jquery\" data-bg-img-repeat=\"no-repeat\" data-bg-img-size=\"initial\" data-bg-img-position=\"\" data-parallx_sense=\"30\" data-bg-override=\"0\" data-bg_img_attach=\"scroll\" data-upb-overlay-color=\"\" data-upb-bg-animation=\"\" data-fadeout=\"\" data-bg-animation=\"left-animation\" data-bg-animation-type=\"h\" data-animation-repeat=\"repeat\" data-fadeout-percentage=\"30\" data-parallax-content=\"\" data-parallax-content-sense=\"30\" data-row-effect-mobile-disable=\"true\" data-img-parallax-mobile-disable=\"true\" data-rtl=\"false\"  data-custom-vc-row=\"\"  data-vc=\"7.9\"  data-is_old_vc=\"\"  data-theme-support=\"\"   data-overlay=\"false\" data-overlay-color=\"\" data-overlay-pattern=\"\" data-overlay-pattern-opacity=\"\" data-overlay-pattern-size=\"\"    ><\/div><div  data-delay=\"0\" data-vc-full-width=\"true\" data-vc-full-width-init=\"false\" class=\"vc_row wpb_row vc_row-fluid vc_custom_1546941749805 vc_row-o-equal-height vc_row-o-content-middle vc_row-flex\"><div class=\"wpb_column vc_column_container vc_col-sm-6\" data-delay=\"0\"><div class=\"vc_column-inner \"><div class=\"wpb_wrapper\"><div class=\"vc_row wpb_row vc_inner vc_row-fluid image-caption-simple vc_row-o-content-top vc_row-flex\"><div class=\"wpb_column vc_column_container vc_col-sm-12\"><div class=\"vc_column-inner vc_custom_1544702615310\"><div class=\"wpb_wrapper\">\n\t<div  class=\"wpb_single_image wpb_content_element vc_align_left wpb_content_element\">\n\t\t\n\t\t<figure class=\"wpb_wrapper vc_figure\">\n\t\t\t<div class=\"vc_single_image-wrapper vc_box_outline  vc_box_border_grey\"><img loading=\"lazy\" decoding=\"async\" width=\"1600\" height=\"1067\" src=\"https:\/\/www.atlantis-bildungszentrum.de\/wp-content\/uploads\/2021\/01\/atlantis-bildungszentrum-5.jpg\" class=\"vc_single_image-img attachment-full\" alt=\"\" title=\"Education\" srcset=\"https:\/\/www.atlantis-bildungszentrum.de\/wp-content\/uploads\/2021\/01\/atlantis-bildungszentrum-5.jpg 1600w, https:\/\/www.atlantis-bildungszentrum.de\/wp-content\/uploads\/2021\/01\/atlantis-bildungszentrum-5-300x200.jpg 300w, https:\/\/www.atlantis-bildungszentrum.de\/wp-content\/uploads\/2021\/01\/atlantis-bildungszentrum-5-1024x683.jpg 1024w, https:\/\/www.atlantis-bildungszentrum.de\/wp-content\/uploads\/2021\/01\/atlantis-bildungszentrum-5-768x512.jpg 768w, https:\/\/www.atlantis-bildungszentrum.de\/wp-content\/uploads\/2021\/01\/atlantis-bildungszentrum-5-1536x1024.jpg 1536w, https:\/\/www.atlantis-bildungszentrum.de\/wp-content\/uploads\/2021\/01\/atlantis-bildungszentrum-5-960x640.jpg 960w, https:\/\/www.atlantis-bildungszentrum.de\/wp-content\/uploads\/2021\/01\/atlantis-bildungszentrum-5-750x500.jpg 750w, https:\/\/www.atlantis-bildungszentrum.de\/wp-content\/uploads\/2021\/01\/atlantis-bildungszentrum-5-570x380.jpg 570w, https:\/\/www.atlantis-bildungszentrum.de\/wp-content\/uploads\/2021\/01\/atlantis-bildungszentrum-5-600x400.jpg 600w, https:\/\/www.atlantis-bildungszentrum.de\/wp-content\/uploads\/2021\/01\/atlantis-bildungszentrum-5-540x360.jpg 540w\" sizes=\"auto, (max-width: 1600px) 100vw, 1600px\" \/><\/div>\n\t\t<\/figure>\n\t<\/div>\n<\/div><\/div><\/div><\/div><\/div><\/div><\/div><div class=\"signature-content wpb_animate_when_almost_visible wpb_fadeInLeft fadeInLeft wpb_column vc_column_container vc_col-sm-6\" data-delay=\"100\"><div class=\"vc_column-inner \"><div class=\"wpb_wrapper\">\n\t<div class=\"wpb_text_column wpb_content_element  vc_custom_1609870248149\" >\n\t\t<div class=\"wpb_wrapper\">\n\t\t\t<p>Unser Unternehmen arbeitet in den L\u00e4ndern, aus denen die Fachkr\u00e4fte stammen, sehr eng mit den dortigen Pflegefachschulen, Universit\u00e4ten und Bildungseinrichtungen zusammen. Lokale Mitarbeiter in den Herkunftsl\u00e4ndern kennen die Details des Landes, die Mentalit\u00e4t und Gepflogenheiten seiner Bewohner und wissen \u00fcber die notwendigen Schritte, um potenzielle,\u00a0 fachlich qualifizierte Kandidaten auszuw\u00e4hlen. Damit die Fachkr\u00e4fte sich schnell in den inl\u00e4ndischen Arbeitsmarkt integrieren k\u00f6nnen, bereiten wir sie nicht nur sprachlich auf den Beruf, sondern\u00a0 auch mit einem Orientierungskurs aktiv\u00a0 auf das gesellschaftliche Leben in Deutschland vor.<\/p>\n<p>Unsere erfahrenen Mitarbeiter begleiten die Fachkr\u00e4fte aktiv angefangen von der Beratung zum\u00a0 Anerkennungsverfahren ihrer Qualifikationen\u00a0 bis hin zur Hilfe in au\u00dferberuflichen Bereichen (z. B.\u00a0 Beh\u00f6rdeng\u00e4nge oder Wohnungssuche).<\/p>\n<p>Sollten wir Ihr Interesse an fachlich und sprachlich qualifizierten Fachkr\u00e4ften aus dem Ausland geweckt haben, z\u00f6gern Sie nicht, uns anzurufen.<\/p>\n\n\t\t<\/div>\n\t<\/div>\n<\/div><\/div><\/div><\/div><div class=\"vc_row-full-width vc_clearfix\"><\/div><!-- Row Backgrounds --><div class=\"upb_bg_img\" data-ultimate-bg=\"url(http:\/\/creasolution.de\/atlantis2020\/wp-content\/uploads\/2019\/01\/fw10.png)\" data-image-id=\"id^18408|url^http:\/\/creasolution.de\/atlantis2020\/wp-content\/uploads\/2019\/01\/fw10.png|caption^null|alt^img|title^fw10|description^null\" data-ultimate-bg-style=\"vcpb-vz-jquery\" data-bg-img-repeat=\"no-repeat\" data-bg-img-size=\"initial\" data-bg-img-position=\"\" data-parallx_sense=\"30\" data-bg-override=\"0\" data-bg_img_attach=\"scroll\" data-upb-overlay-color=\"\" data-upb-bg-animation=\"\" data-fadeout=\"\" data-bg-animation=\"left-animation\" data-bg-animation-type=\"h\" data-animation-repeat=\"repeat\" data-fadeout-percentage=\"30\" data-parallax-content=\"\" data-parallax-content-sense=\"30\" data-row-effect-mobile-disable=\"true\" data-img-parallax-mobile-disable=\"true\" data-rtl=\"false\"  data-custom-vc-row=\"\"  data-vc=\"7.9\"  data-is_old_vc=\"\"  data-theme-support=\"\"   data-overlay=\"false\" data-overlay-color=\"\" data-overlay-pattern=\"\" data-overlay-pattern-opacity=\"\" data-overlay-pattern-size=\"\"    ><\/div>\n<\/div>","protected":false},"excerpt":{"rendered":"Pflegefachkr\u00e4fte aus Nord-Mazedonien, Serbien sowie Bosnien und Herzegowina Auch wenn ein L\u00e4cheln die sch\u00f6nste Sprache der Welt ist, geraten speziell im Pflegealltag viele Mitarbeiter ohne entsprechende Sprachkenntnisse an ihre Grenzen. Wir - das Atlantis Bildungszentrum in Herne -\u00a0 reagieren auf den steigenden Bedarf und den Zuwachs an Pflegepersonal bzw. Pflegekr\u00e4fte aus dem Ausland. Seit Jahren [...]","protected":false},"author":9,"featured_media":0,"parent":0,"menu_order":0,"comment_status":"closed","ping_status":"closed","template":"","meta":{"footnotes":""},"class_list":["post-89","page","type-page","status-publish","hentry"],"_links":{"self":[{"href":"https:\/\/www.atlantis-bildungszentrum.de\/index.php\/wp-json\/wp\/v2\/pages\/89","targetHints":{"allow":["GET"]}}],"collection":[{"href":"https:\/\/www.atlantis-bildungszentrum.de\/index.php\/wp-json\/wp\/v2\/pages"}],"about":[{"href":"https:\/\/www.atlantis-bildungszentrum.de\/index.php\/wp-json\/wp\/v2\/types\/page"}],"author":[{"embeddable":true,"href":"https:\/\/www.atlantis-bildungszentrum.de\/index.php\/wp-json\/wp\/v2\/users\/9"}],"replies":[{"embeddable":true,"href":"https:\/\/www.atlantis-bildungszentrum.de\/index.php\/wp-json\/wp\/v2\/comments?post=89"}],"version-history":[{"count":0,"href":"https:\/\/www.atlantis-bildungszentrum.de\/index.php\/wp-json\/wp\/v2\/pages\/89\/revisions"}],"wp:attachment":[{"href":"https:\/\/www.atlantis-bildungszentrum.de\/index.php\/wp-json\/wp\/v2\/media?parent=89"}],"curies":[{"name":"wp","href":"https:\/\/api.w.org\/{rel}","templated":true}]}}

<div class="wpb-content-wrapper"><div  data-delay="0" data-vc-full-width="true" data-vc-full-width-init="false" class="vc_row wpb_row vc_row-fluid vc_custom_1546941749805 vc_row-o-equal-height vc_row-o-content-middle vc_row-flex"><div class="signature-content wpb_animate_when_almost_visible wpb_fadeInLeft fadeInLeft wpb_column vc_column_container vc_col-sm-6" data-delay="100"><div class="vc_column-inner "><div class="wpb_wrapper"><h2 style="font-size: 30px;line-height: 40px;text-align: left" class="vc_custom_heading vcr_heading-right" >Pflegefachkräfte aus Nord-Mazedonien, Serbien sowie Bosnien und Herzegowina</h2>
	<div class="wpb_text_column wpb_content_element  vc_custom_1544697880169" >
		<div class="wpb_wrapper">
			<div class='dt-sc-small-separator '></div>

		</div>
	</div>

	<div class="wpb_text_column wpb_content_element  vc_custom_1619479626712" >
		<div class="wpb_wrapper">
			<p>Auch wenn ein Lächeln die schönste Sprache der Welt ist, geraten speziell im Pflegealltag viele Mitarbeiter ohne entsprechende Sprachkenntnisse an ihre Grenzen.</p>
<p>Wir &#8211; das Atlantis Bildungszentrum in Herne &#8211;  reagieren auf den steigenden Bedarf und den Zuwachs an Pflegepersonal bzw. Pflegekräfte aus dem Ausland. Seit Jahren führen wir in Deutschland und im Ausland (Serbien, Bosnien und Herzegowina, Nord-Mazedonien und Philippinen) <a href="https://www.atlantis-bildungszentrum.de/index.php/deutschkurse/">Deutschkurse für Erwachsene</a> durch.  Dabei haben wir uns im Bereich Deutschkurse für Pflegekräfte und Mediziner spezialisiert und diesbezüglich mit unseren Kooperationspartnern ein Projekt entwickelt. Unser Leistungsangebot beschränkt sich nicht nur auf die sprachliche Weiterqualifizierung von Mitarbeitern, Fach- und Führungskräften bis zur Niveaustufe B2, sondern umfasst eine breite Palette von Zusatzleistungen. In Absprache mit den jeweiligen Arbeitgebern werden  zukünftige Mitarbeiter/innen  in den von uns angebotenen Kursen optimal auf die Pflegefachsprache vorbereitet.</p>

		</div>
	</div>
</div></div></div><div class="wpb_column vc_column_container vc_col-sm-6" data-delay="0"><div class="vc_column-inner "><div class="wpb_wrapper"><div class="vc_row wpb_row vc_inner vc_row-fluid image-caption-simple vc_row-o-content-top vc_row-flex"><div class="wpb_column vc_column_container vc_col-sm-12"><div class="vc_column-inner vc_custom_1544702615310"><div class="wpb_wrapper">
	<div  class="wpb_single_image wpb_content_element vc_align_left wpb_content_element">
		
		<figure class="wpb_wrapper vc_figure">
			<div class="vc_single_image-wrapper vc_box_outline  vc_box_border_grey"><img loading="lazy" decoding="async" width="1600" height="1067" src="https://www.atlantis-bildungszentrum.de/wp-content/uploads/2021/01/atlantis-bildungszentrum-15.jpg" class="vc_single_image-img attachment-full" alt="pflegekräfte aus dem ausland" title="pflegekräfte aus dem ausland" srcset="https://www.atlantis-bildungszentrum.de/wp-content/uploads/2021/01/atlantis-bildungszentrum-15.jpg 1600w, https://www.atlantis-bildungszentrum.de/wp-content/uploads/2021/01/atlantis-bildungszentrum-15-300x200.jpg 300w, https://www.atlantis-bildungszentrum.de/wp-content/uploads/2021/01/atlantis-bildungszentrum-15-1024x683.jpg 1024w, https://www.atlantis-bildungszentrum.de/wp-content/uploads/2021/01/atlantis-bildungszentrum-15-768x512.jpg 768w, https://www.atlantis-bildungszentrum.de/wp-content/uploads/2021/01/atlantis-bildungszentrum-15-1536x1024.jpg 1536w, https://www.atlantis-bildungszentrum.de/wp-content/uploads/2021/01/atlantis-bildungszentrum-15-960x640.jpg 960w, https://www.atlantis-bildungszentrum.de/wp-content/uploads/2021/01/atlantis-bildungszentrum-15-750x500.jpg 750w, https://www.atlantis-bildungszentrum.de/wp-content/uploads/2021/01/atlantis-bildungszentrum-15-570x380.jpg 570w, https://www.atlantis-bildungszentrum.de/wp-content/uploads/2021/01/atlantis-bildungszentrum-15-600x400.jpg 600w, https://www.atlantis-bildungszentrum.de/wp-content/uploads/2021/01/atlantis-bildungszentrum-15-540x360.jpg 540w" sizes="auto, (max-width: 1600px) 100vw, 1600px" /></div>
		</figure>
	</div>
</div></div></div></div></div></div></div></div><div class="vc_row-full-width vc_clearfix"></div><!-- Row Backgrounds --><div class="upb_bg_img" data-ultimate-bg="url(http://creasolution.de/atlantis2020/wp-content/uploads/2019/01/fw10.png)" data-image-id="id^18408|url^http://creasolution.de/atlantis2020/wp-content/uploads/2019/01/fw10.png|caption^null|alt^img|title^fw10|description^null" data-ultimate-bg-style="vcpb-vz-jquery" data-bg-img-repeat="no-repeat" data-bg-img-size="initial" data-bg-img-position="" data-parallx_sense="30" data-bg-override="0" data-bg_img_attach="scroll" data-upb-overlay-color="" data-upb-bg-animation="" data-fadeout="" data-bg-animation="left-animation" data-bg-animation-type="h" data-animation-repeat="repeat" data-fadeout-percentage="30" data-parallax-content="" data-parallax-content-sense="30" data-row-effect-mobile-disable="true" data-img-parallax-mobile-disable="true" data-rtl="false"  data-custom-vc-row=""  data-vc="7.9"  data-is_old_vc=""  data-theme-support=""   data-overlay="false" data-overlay-color="" data-overlay-pattern="" data-overlay-pattern-opacity="" data-overlay-pattern-size=""    ></div><div  data-delay="0" data-vc-full-width="true" data-vc-full-width-init="false" class="vc_row wpb_row vc_row-fluid vc_custom_1546941749805 vc_row-o-equal-height vc_row-o-content-middle vc_row-flex"><div class="wpb_column vc_column_container vc_col-sm-6" data-delay="0"><div class="vc_column-inner "><div class="wpb_wrapper"><div class="vc_row wpb_row vc_inner vc_row-fluid image-caption-simple vc_row-o-content-top vc_row-flex"><div class="wpb_column vc_column_container vc_col-sm-12"><div class="vc_column-inner vc_custom_1544702615310"><div class="wpb_wrapper">
	<div  class="wpb_single_image wpb_content_element vc_align_left wpb_content_element">
		
		<figure class="wpb_wrapper vc_figure">
			<div class="vc_single_image-wrapper vc_box_outline  vc_box_border_grey"><img loading="lazy" decoding="async" width="1600" height="1067" src="https://www.atlantis-bildungszentrum.de/wp-content/uploads/2021/01/atlantis-bildungszentrum-5.jpg" class="vc_single_image-img attachment-full" alt="" title="Education" srcset="https://www.atlantis-bildungszentrum.de/wp-content/uploads/2021/01/atlantis-bildungszentrum-5.jpg 1600w, https://www.atlantis-bildungszentrum.de/wp-content/uploads/2021/01/atlantis-bildungszentrum-5-300x200.jpg 300w, https://www.atlantis-bildungszentrum.de/wp-content/uploads/2021/01/atlantis-bildungszentrum-5-1024x683.jpg 1024w, https://www.atlantis-bildungszentrum.de/wp-content/uploads/2021/01/atlantis-bildungszentrum-5-768x512.jpg 768w, https://www.atlantis-bildungszentrum.de/wp-content/uploads/2021/01/atlantis-bildungszentrum-5-1536x1024.jpg 1536w, https://www.atlantis-bildungszentrum.de/wp-content/uploads/2021/01/atlantis-bildungszentrum-5-960x640.jpg 960w, https://www.atlantis-bildungszentrum.de/wp-content/uploads/2021/01/atlantis-bildungszentrum-5-750x500.jpg 750w, https://www.atlantis-bildungszentrum.de/wp-content/uploads/2021/01/atlantis-bildungszentrum-5-570x380.jpg 570w, https://www.atlantis-bildungszentrum.de/wp-content/uploads/2021/01/atlantis-bildungszentrum-5-600x400.jpg 600w, https://www.atlantis-bildungszentrum.de/wp-content/uploads/2021/01/atlantis-bildungszentrum-5-540x360.jpg 540w" sizes="auto, (max-width: 1600px) 100vw, 1600px" /></div>
		</figure>
	</div>
</div></div></div></div></div></div></div><div class="signature-content wpb_animate_when_almost_visible wpb_fadeInLeft fadeInLeft wpb_column vc_column_container vc_col-sm-6" data-delay="100"><div class="vc_column-inner "><div class="wpb_wrapper">
	<div class="wpb_text_column wpb_content_element  vc_custom_1609870248149" >
		<div class="wpb_wrapper">
			<p>Unser Unternehmen arbeitet in den Ländern, aus denen die Fachkräfte stammen, sehr eng mit den dortigen Pflegefachschulen, Universitäten und Bildungseinrichtungen zusammen. Lokale Mitarbeiter in den Herkunftsländern kennen die Details des Landes, die Mentalität und Gepflogenheiten seiner Bewohner und wissen über die notwendigen Schritte, um potenzielle,  fachlich qualifizierte Kandidaten auszuwählen. Damit die Fachkräfte sich schnell in den inländischen Arbeitsmarkt integrieren können, bereiten wir sie nicht nur sprachlich auf den Beruf, sondern  auch mit einem Orientierungskurs aktiv  auf das gesellschaftliche Leben in Deutschland vor.</p>
<p>Unsere erfahrenen Mitarbeiter begleiten die Fachkräfte aktiv angefangen von der Beratung zum  Anerkennungsverfahren ihrer Qualifikationen  bis hin zur Hilfe in außerberuflichen Bereichen (z. B.  Behördengänge oder Wohnungssuche).</p>
<p>Sollten wir Ihr Interesse an fachlich und sprachlich qualifizierten Fachkräften aus dem Ausland geweckt haben, zögern Sie nicht, uns anzurufen.</p>

		</div>
	</div>
</div></div></div></div><div class="vc_row-full-width vc_clearfix"></div><!-- Row Backgrounds --><div class="upb_bg_img" data-ultimate-bg="url(http://creasolution.de/atlantis2020/wp-content/uploads/2019/01/fw10.png)" data-image-id="id^18408|url^http://creasolution.de/atlantis2020/wp-content/uploads/2019/01/fw10.png|caption^null|alt^img|title^fw10|description^null" data-ultimate-bg-style="vcpb-vz-jquery" data-bg-img-repeat="no-repeat" data-bg-img-size="initial" data-bg-img-position="" data-parallx_sense="30" data-bg-override="0" data-bg_img_attach="scroll" data-upb-overlay-color="" data-upb-bg-animation="" data-fadeout="" data-bg-animation="left-animation" data-bg-animation-type="h" data-animation-repeat="repeat" data-fadeout-percentage="30" data-parallax-content="" data-parallax-content-sense="30" data-row-effect-mobile-disable="true" data-img-parallax-mobile-disable="true" data-rtl="false"  data-custom-vc-row=""  data-vc="7.9"  data-is_old_vc=""  data-theme-support=""   data-overlay="false" data-overlay-color="" data-overlay-pattern="" data-overlay-pattern-opacity="" data-overlay-pattern-size=""    ></div>
</div>

Pflegefachkräfte aus Nord-Mazedonien, Serbien sowie Bosnien und Herzegowina Auch wenn ein Lächeln die schönste Sprache der Welt ist, geraten speziell im Pflegealltag viele Mitarbeiter ohne entsprechende Sprachkenntnisse an ihre Grenzen. Wir - das Atlantis Bildungszentrum in Herne -  reagieren auf den steigenden Bedarf und den Zuwachs an Pflegepersonal bzw. Pflegekräfte aus dem Ausland. Seit Jahren [...]
